{"id":30,"date":"2020-03-02T10:00:00","date_gmt":"2020-03-02T09:00:00","guid":{"rendered":"https:\/\/lamaktaba.fr\/index.php\/produit\/le-mois-beni-du-ramadan\/"},"modified":"2025-04-01T12:43:38","modified_gmt":"2025-04-01T10:43:38","slug":"le-mois-beni-du-ramadan","status":"publish","type":"product","link":"https:\/\/lamaktaba.fr\/index.php\/produit\/le-mois-beni-du-ramadan","title":{"rendered":"Le mois b\u00e9ni du Ramadan"},"content":{"rendered":"<p>Le mois b\u00e9ni du Ramadan<br \/>Le recueil Le mois B\u00e9ni du Ramadan est un ensemble de recommandations sp\u00e9cialement s\u00e9lectionn\u00e9es pour les jeunes musulmans!<br \/>A travers des illustrations ludiques, dessin\u00e9es par l&rsquo;\u00e9quipe du Muslim Show, accompagn\u00e9es de petits textes et de hadiths, les jeunes lecteurs seront amen\u00e9s \u00e0 mieux comprendre ce quatri\u00e8me pilier de l&rsquo;Islam et \u00e0 se pr\u00e9parer \u00e0 devenir de vrais je\u00fbneurs !<br \/>Marque BDouin Editions R\u00e9f\u00e9rence 9791096832101<br \/>Fiche technique AUTEUR: &#8211; Direction artistique et textes: Nor\u00e9dine Allam &#8211; Dessins: Mariam Aldacher &#8211; Directeur de collection: Karim Allam LANGUE: -.Fran\u00e7ais SUPPORT: &#8211; Livre THEME: &#8211; BD, Ramadan, Enfants \u00c9DITIONS: &#8211; BDouin \u00e9ditions Condition: &#8211; Neuf FORMAT (CM): 15 x 21 cm Poids (kg): &#8211; 250 g EAN13: &#8211; 9791096832101 RELIURE: &#8211; Rigide<br \/>R\u00e9f\u00e9rences sp\u00e9cifiques<br \/>Donnez votre avis<br \/>Aucun commentaire pour le moment<\/p>\n","protected":false},"excerpt":{"rendered":"<p>Le mois b\u00e9ni du RamadanLe recueil Le mois B\u00e9ni du Ramadan est un ensemble de recommandations sp\u00e9cialement s\u00e9lectionn\u00e9es pour les jeunes musulmans!A travers des illustrations ludiques, dessin\u00e9es par l&rsquo;\u00e9quipe du Muslim Show, accompagn\u00e9es de petits textes et de hadiths, les jeunes lecteurs seront amen\u00e9s \u00e0 mieux comprendre ce quatri\u00e8me pilier de l&rsquo;Islam et \u00e0 se [&hellip;]<\/p>\n","protected":false},"featured_media":4443,"comment_status":"open","ping_status":"closed","template":"","meta":[],"product_brand":[],"product_cat":[1924],"product_tag":[],"class_list":{"0":"post-30","1":"product","2":"type-product","3":"status-publish","4":"has-post-thumbnail","6":"product_cat-jeune-ramadan","7":"pa_editeur-al-qamar","9":"first","10":"instock","11":"shipping-taxable","12":"purchasable","13":"product-type-simple"},"_links":{"self":[{"href":"https:\/\/lamaktaba.fr\/index.php\/wp-json\/wp\/v2\/product\/30","targetHints":{"allow":["GET"]}}],"collection":[{"href":"https:\/\/lamaktaba.fr\/index.php\/wp-json\/wp\/v2\/product"}],"about":[{"href":"https:\/\/lamaktaba.fr\/index.php\/wp-json\/wp\/v2\/types\/product"}],"replies":[{"embeddable":true,"href":"https:\/\/lamaktaba.fr\/index.php\/wp-json\/wp\/v2\/comments?post=30"}],"wp:featuredmedia":[{"embeddable":true,"href":"https:\/\/lamaktaba.fr\/index.php\/wp-json\/wp\/v2\/media\/4443"}],"wp:attachment":[{"href":"https:\/\/lamaktaba.fr\/index.php\/wp-json\/wp\/v2\/media?parent=30"}],"wp:term":[{"taxonomy":"product_brand","embeddable":true,"href":"https:\/\/lamaktaba.fr\/index.php\/wp-json\/wp\/v2\/product_brand?post=30"},{"taxonomy":"product_cat","embeddable":true,"href":"https:\/\/lamaktaba.fr\/index.php\/wp-json\/wp\/v2\/product_cat?post=30"},{"taxonomy":"product_tag","embeddable":true,"href":"https:\/\/lamaktaba.fr\/index.php\/wp-json\/wp\/v2\/product_tag?post=30"}],"curies":[{"name":"wp","href":"https:\/\/api.w.org\/{rel}","templated":true}]}}