{"id":295,"date":"2020-02-03T10:00:00","date_gmt":"2020-02-03T09:00:00","guid":{"rendered":"https:\/\/lamaktaba.fr\/index.php\/produit\/lauthentique-de-la-la-veritable-education-sahih-al-adab-al-mufrad-bilingue-francais-arabe-al-imam-al-bukhari-authentification-des-hadith-par-cheikh-al-albani\/"},"modified":"2025-04-01T12:45:43","modified_gmt":"2025-04-01T10:45:43","slug":"lauthentique-de-la-la-veritable-education-sahih-al-adab-al-mufrad-bilingue-francais-arabe-al-imam-al-bukhari-authentification-des-hadith-par-cheikh-al-albani","status":"publish","type":"product","link":"https:\/\/lamaktaba.fr\/index.php\/produit\/lauthentique-de-la-la-veritable-education-sahih-al-adab-al-mufrad-bilingue-francais-arabe-al-imam-al-bukhari-authentification-des-hadith-par-cheikh-al-albani","title":{"rendered":"L&rsquo;Authentique de la La V\u00e9ritable Education &#8211; Sah\u00eeh Al-Adab Al-Mufrad (Bilingue fran\u00e7ais\/arabe) &#8211; Al Im\u00e2m Al-Bukh\u00e2r\u00ee &#8211; Authentification des had\u00eeth par Cheikh Al-Alb\u00e2n\u00ee"},"content":{"rendered":"<p>Al-Adab Al-Mufrad (La V\u00e9ritable \u00c9ducation) est un ouvrage contenant des hadiths qui traitent, comme son titre l\u2019indique,de la typologie \u00e9ducative que doit adopter le musulman,le mod\u00e8le \u00e9tant celui du Proph\u00e8te Muhammad (saw) et de ses compagnons.Ce livre fut compil\u00e9 par l\u2019un des plus grands savants de la science du hadith,le grand traditionaliste l\u2019Imam Ab\u00fb \u2018Abdi-l-L\u00e2h Muhammad Ibn Ism\u00e2\u2018\u00eel Al-Bukh\u00e2r\u00ee (qu\u2019Allah lui fasse Mis\u00e9ricorde).<br \/>Parmi les particularit\u00e9s de ce livre on peut noter un contenu tr\u00e8s riche en hadiths.Toutefois,pour mieux rapprocher le lecteur de la tradition proph\u00e9tique, on a opt\u00e9 pour la traduction du livre intitul\u00e9 \u00abl\u2019Authentique de la V\u00e9ritable \u00c9ducation\u00bb (Sah\u00eeh Al-Adab Al-Mufrad) qui ne contient que des hadiths authentiques,authentifi\u00e9s par cheikh N\u00e2sir Ad-D\u00een Al-Alb\u00e2n\u00ee (qu\u2019Allah lui fasse Mis\u00e9ricorde).<br \/>Cet ouvrage, destin\u00e9 \u00e0 un large public,donne un aper\u00e7u sur le comportement exemplaire des premiers musulmans dirig\u00e9s par le meilleur des hommes, Mohamed (saw), dont la conduite inspir\u00e9e a attir\u00e9 les masses: \u00ab Je n\u2019ai \u00e9t\u00e9 envoy\u00e9 que pour parfaire les hautes moralit\u00e9s. \u00bb (Al-Bukh\u00e2r\u00ee),ce fut sa ligne de conduite,il ne manquait pas \u00e0 ses obligations.<br \/>Cette compilation, devenue incontournable, est l\u2019un des \u0153uvres les plus anciennes sur l\u2019\u00e9thique et le mode de vie islamiques.Chaque musulman devrait l&rsquo;avoir dans sa biblioth\u00e8que !!!<\/p>\n","protected":false},"excerpt":{"rendered":"<p>Al-Adab Al-Mufrad (La V\u00e9ritable \u00c9ducation) est un ouvrage contenant des hadiths qui traitent, comme son titre l\u2019indique,de la typologie \u00e9ducative que doit adopter le musulman,le mod\u00e8le \u00e9tant celui du Proph\u00e8te Muhammad (saw) et de ses compagnons.Ce livre fut compil\u00e9 par l\u2019un des plus grands savants de la science du hadith,le grand traditionaliste l\u2019Imam Ab\u00fb \u2018Abdi-l-L\u00e2h [&hellip;]<\/p>\n","protected":false},"featured_media":5231,"comment_status":"open","ping_status":"closed","template":"","meta":[],"product_brand":[],"product_cat":[15],"product_tag":[],"class_list":{"0":"post-295","1":"product","2":"type-product","3":"status-publish","4":"has-post-thumbnail","6":"product_cat-non-classe","7":"pa_editeur-tawhid","9":"first","10":"outofstock","11":"shipping-taxable","12":"purchasable","13":"product-type-simple"},"_links":{"self":[{"href":"https:\/\/lamaktaba.fr\/index.php\/wp-json\/wp\/v2\/product\/295","targetHints":{"allow":["GET"]}}],"collection":[{"href":"https:\/\/lamaktaba.fr\/index.php\/wp-json\/wp\/v2\/product"}],"about":[{"href":"https:\/\/lamaktaba.fr\/index.php\/wp-json\/wp\/v2\/types\/product"}],"replies":[{"embeddable":true,"href":"https:\/\/lamaktaba.fr\/index.php\/wp-json\/wp\/v2\/comments?post=295"}],"wp:featuredmedia":[{"embeddable":true,"href":"https:\/\/lamaktaba.fr\/index.php\/wp-json\/wp\/v2\/media\/5231"}],"wp:attachment":[{"href":"https:\/\/lamaktaba.fr\/index.php\/wp-json\/wp\/v2\/media?parent=295"}],"wp:term":[{"taxonomy":"product_brand","embeddable":true,"href":"https:\/\/lamaktaba.fr\/index.php\/wp-json\/wp\/v2\/product_brand?post=295"},{"taxonomy":"product_cat","embeddable":true,"href":"https:\/\/lamaktaba.fr\/index.php\/wp-json\/wp\/v2\/product_cat?post=295"},{"taxonomy":"product_tag","embeddable":true,"href":"https:\/\/lamaktaba.fr\/index.php\/wp-json\/wp\/v2\/product_tag?post=295"}],"curies":[{"name":"wp","href":"https:\/\/api.w.org\/{rel}","templated":true}]}}