{"id":287,"date":"2020-02-03T10:00:00","date_gmt":"2020-02-03T09:00:00","guid":{"rendered":"https:\/\/lamaktaba.fr\/index.php\/produit\/la-priere-expliquee-a-ma-fille-collectif\/"},"modified":"2025-04-01T12:43:05","modified_gmt":"2025-04-01T10:43:05","slug":"la-priere-expliquee-a-ma-fille-collectif","status":"publish","type":"product","link":"https:\/\/lamaktaba.fr\/index.php\/produit\/la-priere-expliquee-a-ma-fille-collectif","title":{"rendered":"La pri\u00e8re expliqu\u00e9e \u00e0 ma fille &#8211; Collectif"},"content":{"rendered":"<p>Cet ouvrage ainsi que son support audio font partie de la collection Sindibad destin\u00e9e \u00e0 apporter une vision claire et adapt\u00e9e de l&rsquo;islam et de sa pratique aux enfants francophones. Dans la m\u00eame collection, \u00ab\u00a0La pri\u00e8re expliqu\u00e9e \u00e0 mon enfant\u00a0\u00bb (version gar\u00e7on), \u00ab\u00a0Le Coran expliqu\u00e9 \u00e0 mon enfant\u00a0\u00bb, \u00ab\u00a0Hicham et son ami le perroquet\u00a0\u00bb, \u00ab\u00a0Les proph\u00e8tes \u00e0 travers le Coran\u00a0\u00bb ainsi que de nombreux autres ouvrages&#8230;<\/p>\n","protected":false},"excerpt":{"rendered":"<p>Cet ouvrage ainsi que son support audio font partie de la collection Sindibad destin\u00e9e \u00e0 apporter une vision claire et adapt\u00e9e de l&rsquo;islam et de sa pratique aux enfants francophones. Dans la m\u00eame collection, \u00ab\u00a0La pri\u00e8re expliqu\u00e9e \u00e0 mon enfant\u00a0\u00bb (version gar\u00e7on), \u00ab\u00a0Le Coran expliqu\u00e9 \u00e0 mon enfant\u00a0\u00bb, \u00ab\u00a0Hicham et son ami le perroquet\u00a0\u00bb, \u00ab\u00a0Les [&hellip;]<\/p>\n","protected":false},"featured_media":5195,"comment_status":"open","ping_status":"closed","template":"","meta":[],"product_brand":[],"product_cat":[15],"product_tag":[],"class_list":{"0":"post-287","1":"product","2":"type-product","3":"status-publish","4":"has-post-thumbnail","6":"product_cat-non-classe","7":"pa_editeur-tawbah","9":"first","10":"outofstock","11":"shipping-taxable","12":"purchasable","13":"product-type-simple"},"_links":{"self":[{"href":"https:\/\/lamaktaba.fr\/index.php\/wp-json\/wp\/v2\/product\/287","targetHints":{"allow":["GET"]}}],"collection":[{"href":"https:\/\/lamaktaba.fr\/index.php\/wp-json\/wp\/v2\/product"}],"about":[{"href":"https:\/\/lamaktaba.fr\/index.php\/wp-json\/wp\/v2\/types\/product"}],"replies":[{"embeddable":true,"href":"https:\/\/lamaktaba.fr\/index.php\/wp-json\/wp\/v2\/comments?post=287"}],"wp:featuredmedia":[{"embeddable":true,"href":"https:\/\/lamaktaba.fr\/index.php\/wp-json\/wp\/v2\/media\/5195"}],"wp:attachment":[{"href":"https:\/\/lamaktaba.fr\/index.php\/wp-json\/wp\/v2\/media?parent=287"}],"wp:term":[{"taxonomy":"product_brand","embeddable":true,"href":"https:\/\/lamaktaba.fr\/index.php\/wp-json\/wp\/v2\/product_brand?post=287"},{"taxonomy":"product_cat","embeddable":true,"href":"https:\/\/lamaktaba.fr\/index.php\/wp-json\/wp\/v2\/product_cat?post=287"},{"taxonomy":"product_tag","embeddable":true,"href":"https:\/\/lamaktaba.fr\/index.php\/wp-json\/wp\/v2\/product_tag?post=287"}],"curies":[{"name":"wp","href":"https:\/\/api.w.org\/{rel}","templated":true}]}}