{"id":277,"date":"2020-03-02T10:00:00","date_gmt":"2020-03-02T09:00:00","guid":{"rendered":"https:\/\/lamaktaba.fr\/index.php\/produit\/le-chemin-de-la-foi-dapres-as-sallabi\/"},"modified":"2025-04-01T12:47:08","modified_gmt":"2025-04-01T10:47:08","slug":"le-chemin-de-la-foi-dapres-as-sallabi","status":"publish","type":"product","link":"https:\/\/lamaktaba.fr\/index.php\/produit\/le-chemin-de-la-foi-dapres-as-sallabi","title":{"rendered":"Le CHEMIN de la FOI (d&rsquo;apr\u00e8s As-Sallabi)"},"content":{"rendered":"<p>La Foi en Allah constitue le principe fondateur dans |e parcours du croyant. Elle est l&rsquo;\u00e9tincelle qui anime son c\u0153ur. Seulement, pour qu&rsquo;elle resplendisse, il est indispensablede l&rsquo;alimenter de fa\u00e7on continue. La connaissance, la r\u00e9flexion et la bonne compr\u00e9hension sont alors des \u00e9l\u00e9ments d\u00e9cisifs pour le croyant.<br \/>Le Dr as-Sall\u00e2bi se propose, dans cet ouvrage, de red\u00e9finir avec clart\u00e9 tous les concepts li\u00e9s \u00e0 la foi et au monoth\u00e9isme. La beaut\u00e9 d&rsquo;une science \u00e9tant fonction de la noblesse du sujet, aucune discipline ne peut rivaliser avec celle qui s&rsquo;int\u00e9resse \u00e0 la grandeur d&rsquo;Allah.<br \/>Voici donc le monoth\u00e9isme \u00e0 l&rsquo;\u00e9tat pur, le sens profond de l&rsquo;adoration. D\u00e9couvrez avec le Dr as-Sall\u00e2bi quelles sont les conditions n\u00e9cessaires \u00e0 la foi v\u00e9ritable, ce qui s&rsquo;y oppose ou m\u00eame l&rsquo;annule. Allah, Ses Noms et Ses Attributs, l&rsquo;unicit\u00e9 (at-Tawhid), la d\u00e9votion exclusive (al-lkhl\u00e2s), la foi (al-\u00eem\u00e2n), l&rsquo;adoration (al-lb\u00e2da), la m\u00e9cr\u00e9ance (al-Kufr), l&rsquo;hypocrisie (an-Nif\u00e2q) etc.<br \/>Autant de notions qu&rsquo;il faudra apprivoiser pour avancer sur de bonnes bases, saines et f\u00e9condes, et que vous aurez le plaisir de d\u00e9couvrir ou red\u00e9couvrir au fil de ces pages.<br \/>\u00c0 propos de l&rsquo;auteur<br \/>N\u00e9 \u00e0 Benghazi (Libye) en 1963 (1383 H.), il obtient une licence avec Mention \u00abExcellence\u00bb \u00e0 la Facult\u00e9 de Pr\u00e9dication et des Sciences religieuses de l&rsquo;Universit\u00e9 de M\u00e9dine d&rsquo;o\u00f9 il sort premier de sa promotion.<br \/>Il obtient ensuite en 1996 son Master \u00e0 l&rsquo;Universit\u00e9 Islamique de Umm Darman (Ondurman) pr\u00e8s de Khartoum au Soudan avec la pr\u00e9sentation de son m\u00e9moire intitul\u00e9: \u00ab La voie m\u00e9diane du Noble Coran \u00bb.<br \/>Enfin, il termine son cursus universitaire en 1999 avec l&rsquo;obtention de son doctorat dont la th\u00e8se pr\u00e9sentait les concepts de victoire et de renforcement dans le Coran.<br \/>\u00c9crivain prolixe, il est reconnu notamment pour ses \u00e9crits \u00e0 teneur historique sur l&rsquo;\u00c9tat omeyyade, les diverses doctrines, ainsi que les biographies des Califes, Umar Ibn al-Khatt\u00e2b, Ali Ibn Ab\u00ee T\u00e2lib et Sal\u00e2h ad-D\u00een al-Ayubi.<\/p>\n","protected":false},"excerpt":{"rendered":"<p>La Foi en Allah constitue le principe fondateur dans |e parcours du croyant. Elle est l&rsquo;\u00e9tincelle qui anime son c\u0153ur. Seulement, pour qu&rsquo;elle resplendisse, il est indispensablede l&rsquo;alimenter de fa\u00e7on continue. La connaissance, la r\u00e9flexion et la bonne compr\u00e9hension sont alors des \u00e9l\u00e9ments d\u00e9cisifs pour le croyant.Le Dr as-Sall\u00e2bi se propose, dans cet ouvrage, de [&hellip;]<\/p>\n","protected":false},"featured_media":5165,"comment_status":"open","ping_status":"closed","template":"","meta":[],"product_brand":[],"product_cat":[15],"product_tag":[],"class_list":{"0":"post-277","1":"product","2":"type-product","3":"status-publish","4":"has-post-thumbnail","6":"product_cat-non-classe","7":"pa_editeur-sana","9":"first","10":"outofstock","11":"shipping-taxable","12":"purchasable","13":"product-type-simple"},"_links":{"self":[{"href":"https:\/\/lamaktaba.fr\/index.php\/wp-json\/wp\/v2\/product\/277","targetHints":{"allow":["GET"]}}],"collection":[{"href":"https:\/\/lamaktaba.fr\/index.php\/wp-json\/wp\/v2\/product"}],"about":[{"href":"https:\/\/lamaktaba.fr\/index.php\/wp-json\/wp\/v2\/types\/product"}],"replies":[{"embeddable":true,"href":"https:\/\/lamaktaba.fr\/index.php\/wp-json\/wp\/v2\/comments?post=277"}],"wp:featuredmedia":[{"embeddable":true,"href":"https:\/\/lamaktaba.fr\/index.php\/wp-json\/wp\/v2\/media\/5165"}],"wp:attachment":[{"href":"https:\/\/lamaktaba.fr\/index.php\/wp-json\/wp\/v2\/media?parent=277"}],"wp:term":[{"taxonomy":"product_brand","embeddable":true,"href":"https:\/\/lamaktaba.fr\/index.php\/wp-json\/wp\/v2\/product_brand?post=277"},{"taxonomy":"product_cat","embeddable":true,"href":"https:\/\/lamaktaba.fr\/index.php\/wp-json\/wp\/v2\/product_cat?post=277"},{"taxonomy":"product_tag","embeddable":true,"href":"https:\/\/lamaktaba.fr\/index.php\/wp-json\/wp\/v2\/product_tag?post=277"}],"curies":[{"name":"wp","href":"https:\/\/api.w.org\/{rel}","templated":true}]}}