{"id":272,"date":"2020-03-02T10:00:00","date_gmt":"2020-03-02T09:00:00","guid":{"rendered":"https:\/\/lamaktaba.fr\/index.php\/produit\/mon-cahier-de-maternelle-2-said-chadhouli\/"},"modified":"2025-04-01T12:46:27","modified_gmt":"2025-04-01T10:46:27","slug":"mon-cahier-de-maternelle-2-said-chadhouli","status":"publish","type":"product","link":"https:\/\/lamaktaba.fr\/index.php\/produit\/mon-cahier-de-maternelle-2-said-chadhouli","title":{"rendered":"Mon Cahier de Maternelle (Niveau 2)"},"content":{"rendered":"<p>Mon Cahier de Maternelle (Niveau 1), Con\u00e7u par le Professeur Said Chadhouli, dipl\u00f4m\u00e9 de l\u2019universit\u00e9 de M\u00e9dine;- Ecriture;- Lecture;- Le\u00e7ons;- Tawhid;- Vie du Proph\u00e8te (saw);- Invocations;Enfin un livre de maternelle destin\u00e9 aux petits musulmans!;En compl\u00e9ment du Niveau 1;Cet ouvrage ludique et facile d\u2019utilisation, permet aux enfants de se familiariser rapidement avec les lettres arabes tout en s\u2019amusant.;Dans ce manuel, des exercices simples et complets sont propos\u00e9s ainsi que des \u00e9valuations et des bilans de comp\u00e9tences r\u00e9guliers.;On initie l\u2019enfant \u00e0 conna\u00eetre les lettres de l\u2019alphabet et \u00e0 savoir les \u00e9crire \u00e0 l\u2019aide d\u2019exercices simples et ludiques.;A la fin du manuel, l\u2019\u00e9l\u00e8ve commence \u00e0 lire des mots simples compos\u00e9s de trois lettres.;En bonus: ce livre comprend des le\u00e7ons de Tawhid et des invocations quotidiennes.;\u00c0 propos de l&rsquo;auteur: Said Chadhouli;Ce livre a \u00e9t\u00e9 \u00e9labor\u00e9 sur les directives du professeur Said Chadhouli. Avec l\u2019appui de Sarah Saadi chef de projets des \u00e9ditions Al Qamar.;Le professeur Said Chadhouli est Imam de la mosqu\u00e9e de Bobigny, dipl\u00f4m\u00e9 de l\u2019Universit\u00e9 de M\u00e9dine. Le Professeur Sa\u00efd Chadhouli comprend dans son actif plus de 17 ans d\u2019exp\u00e9rience dans l\u2019enseignement du Tawhid et des sciences islamiques notamment la langue arabe. Ses cours sont destin\u00e9s aux enfants et aux adultes. Il est \u00e9galement sp\u00e9cialis\u00e9 dans l\u2019\u00e9laboration d\u2019ouvrages p\u00e9dagogiques en lien avec l\u2019apprentissage et le perfectionnement dans les sciences islamiques.;Marque AL QAMAR R\u00e9f\u00e9rence 9782954320854;Fiche technique AUTEUR: &#8211; Con\u00e7u par le Professeur Said Chadhouli, dipl\u00f4m\u00e9 de l\u2019universit\u00e9 de M\u00e9dine LANGUE: &#8211; Fran\u00e7ais &#8211; Langue \u00e9tudi\u00e9e: Arabe ANNEE: &#8211; 2016 SUPPORT: &#8211; Livre THEME: &#8211; La Langue Arabe \u00c9DITIONS: &#8211; Al Qamar Condition: &#8211; Neuf Nombre de Pages: &#8211; 120 FORMAT (CM): 22 x 30 cm EAN13: &#8211; 9782954320854 RELIURE: &#8211; Souple;R\u00e9f\u00e9rences sp\u00e9cifiques;Donnez votre avis;Aucun commentaire pour le moment<\/p>\n","protected":false},"excerpt":{"rendered":"<p>Mon Cahier de Maternelle (Niveau 1), Con\u00e7u par le Professeur Said Chadhouli, dipl\u00f4m\u00e9 de l\u2019universit\u00e9 de M\u00e9dine;- Ecriture;- Lecture;- Le\u00e7ons;- Tawhid;- Vie du Proph\u00e8te (saw);- Invocations;Enfin un livre de maternelle destin\u00e9 aux petits musulmans!;En compl\u00e9ment du Niveau 1;Cet ouvrage ludique et facile d\u2019utilisation, permet aux enfants de se familiariser rapidement avec les lettres arabes tout en s\u2019amusant.;Dans ce manuel, des exercices simples et complets sont propos\u00e9s ainsi que des \u00e9valuations et des bilans de comp\u00e9tences r\u00e9guliers.;On initie l\u2019enfant \u00e0 conna\u00eetre les lettres de l\u2019alphabet et \u00e0 savoir les \u00e9crire \u00e0 l\u2019aide d\u2019exercices simples et ludiques.;A la fin du manuel, l\u2019\u00e9l\u00e8ve commence \u00e0 lire des mots simples compos\u00e9s de trois lettres.;En bonus: ce livre comprend des le\u00e7ons de Tawhid et des invocations quotidiennes.;\u00c0 propos de l&rsquo;auteur: Said Chadhouli;Ce livre a \u00e9t\u00e9 \u00e9labor\u00e9 sur les directives du professeur Said Chadhouli. Avec l\u2019appui de Sarah Saadi chef de projets des \u00e9ditions Al Qamar.;Le professeur Said Chadhouli est Imam de la mosqu\u00e9e de Bobigny, dipl\u00f4m\u00e9 de l\u2019Universit\u00e9 de M\u00e9dine. Le Professeur Sa\u00efd Chadhouli comprend dans son actif plus de 17 ans d\u2019exp\u00e9rience dans l\u2019enseignement du Tawhid et des sciences islamiques notamment la langue arabe. Ses cours sont destin\u00e9s aux enfants et aux adultes. Il est \u00e9galement sp\u00e9cialis\u00e9 dans l\u2019\u00e9laboration d\u2019ouvrages p\u00e9dagogiques en lien avec l\u2019apprentissage et le perfectionnement dans les sciences islamiques.;Marque AL QAMAR R\u00e9f\u00e9rence 9782954320854;Fiche technique AUTEUR: &#8211; Con\u00e7u par le Professeur Said Chadhouli, dipl\u00f4m\u00e9 de l\u2019universit\u00e9 de M\u00e9dine LANGUE: &#8211; Fran\u00e7ais &#8211; Langue \u00e9tudi\u00e9e: Arabe ANNEE: &#8211; 2016 SUPPORT: &#8211; Livre THEME: &#8211; La Langue Arabe \u00c9DITIONS: &#8211; Al Qamar Condition: &#8211; Neuf Nombre de Pages: &#8211; 120 FORMAT (CM): 22 x 30 cm EAN13: &#8211; 9782954320854 RELIURE: &#8211; Souple;R\u00e9f\u00e9rences sp\u00e9cifiques;Donnez votre avis;Aucun commentaire pour le moment<\/p>\n","protected":false},"featured_media":36834,"comment_status":"open","ping_status":"closed","template":"","meta":[],"product_brand":[],"product_cat":[1914],"product_tag":[],"class_list":{"0":"post-272","1":"product","2":"type-product","3":"status-publish","4":"has-post-thumbnail","6":"product_cat-apprentissage-arabe","7":"pa_annee-419","8":"pa_auteur-concu-par-le-professeur-said-chadhouli-diplome-de-luniversite-de-medine","9":"pa_editeur-al-qamar","10":"pa_format-22-x-30-cm","11":"pa_langue-francais-langue-etudiee-arabe","12":"pa_nombre-de-pages-384","13":"pa_reliure-souple","15":"first","16":"outofstock","17":"shipping-taxable","18":"purchasable","19":"product-type-simple"},"_links":{"self":[{"href":"https:\/\/lamaktaba.fr\/index.php\/wp-json\/wp\/v2\/product\/272","targetHints":{"allow":["GET"]}}],"collection":[{"href":"https:\/\/lamaktaba.fr\/index.php\/wp-json\/wp\/v2\/product"}],"about":[{"href":"https:\/\/lamaktaba.fr\/index.php\/wp-json\/wp\/v2\/types\/product"}],"replies":[{"embeddable":true,"href":"https:\/\/lamaktaba.fr\/index.php\/wp-json\/wp\/v2\/comments?post=272"}],"wp:featuredmedia":[{"embeddable":true,"href":"https:\/\/lamaktaba.fr\/index.php\/wp-json\/wp\/v2\/media\/36834"}],"wp:attachment":[{"href":"https:\/\/lamaktaba.fr\/index.php\/wp-json\/wp\/v2\/media?parent=272"}],"wp:term":[{"taxonomy":"product_brand","embeddable":true,"href":"https:\/\/lamaktaba.fr\/index.php\/wp-json\/wp\/v2\/product_brand?post=272"},{"taxonomy":"product_cat","embeddable":true,"href":"https:\/\/lamaktaba.fr\/index.php\/wp-json\/wp\/v2\/product_cat?post=272"},{"taxonomy":"product_tag","embeddable":true,"href":"https:\/\/lamaktaba.fr\/index.php\/wp-json\/wp\/v2\/product_tag?post=272"}],"curies":[{"name":"wp","href":"https:\/\/api.w.org\/{rel}","templated":true}]}}