{"id":267,"date":"2020-03-02T10:00:00","date_gmt":"2020-03-02T09:00:00","guid":{"rendered":"https:\/\/lamaktaba.fr\/index.php\/produit\/commentaires-sur-les-grands-peches-shaykh-ibn-salih-al-uthaymin\/"},"modified":"2025-04-01T12:44:39","modified_gmt":"2025-04-01T10:44:39","slug":"commentaires-sur-les-grands-peches-shaykh-ibn-salih-al-uthaymin","status":"publish","type":"product","link":"https:\/\/lamaktaba.fr\/index.php\/produit\/commentaires-sur-les-grands-peches-shaykh-ibn-salih-al-uthaymin","title":{"rendered":"Commentaires sur les grands p\u00e9ch\u00e9s de l&rsquo;Imam Adh-Dhahabi"},"content":{"rendered":"<p>Titre: Commentaires sur les grands p\u00e9ch\u00e9s de l&rsquo;Imam Adh-Dhahabi;Auteur: Uthaymin;Edition: ALMADINA;Support: Livre;Theme: Education et Purification de L&rsquo;\u00e2me;Description: Chers fr\u00e8res, ch\u00e8res s\u0153urs, ton ultime but est d&rsquo;\u00eatre le jour de la r\u00e9surrection parmi les heureux et les gagnants. Efforces toi \u00e0 guider toute ton existence \u00e0 travers l&rsquo;adoration de ton Seigneur. Alors cet ouvrage t&rsquo;est destin\u00e9! Les grands p\u00e9ch\u00e9s y sont clairement expos\u00e9s\u2026.<\/p>\n","protected":false},"excerpt":{"rendered":"<p>Titre: Commentaires sur les grands p\u00e9ch\u00e9s de l&rsquo;Imam Adh-Dhahabi;Auteur: Uthaymin;Edition: ALMADINA;Support: Livre;Theme: Education et Purification de L&rsquo;\u00e2me;Description: Chers fr\u00e8res, ch\u00e8res s\u0153urs, ton ultime but est d&rsquo;\u00eatre le jour de la r\u00e9surrection parmi les heureux et les gagnants. Efforces toi \u00e0 guider toute ton existence \u00e0 travers l&rsquo;adoration de ton Seigneur. Alors cet ouvrage t&rsquo;est destin\u00e9! Les grands p\u00e9ch\u00e9s y sont clairement expos\u00e9s\u2026.<\/p>\n","protected":false},"featured_media":37775,"comment_status":"open","ping_status":"closed","template":"","meta":[],"product_brand":[],"product_cat":[1899,1898],"product_tag":[],"class_list":{"0":"post-267","1":"product","2":"type-product","3":"status-publish","4":"has-post-thumbnail","6":"product_cat-jurisprudence","7":"product_cat-pratique-religieuse","8":"pa_editeur-almadina-editions","10":"first","11":"outofstock","12":"shipping-taxable","13":"purchasable","14":"product-type-simple"},"_links":{"self":[{"href":"https:\/\/lamaktaba.fr\/index.php\/wp-json\/wp\/v2\/product\/267","targetHints":{"allow":["GET"]}}],"collection":[{"href":"https:\/\/lamaktaba.fr\/index.php\/wp-json\/wp\/v2\/product"}],"about":[{"href":"https:\/\/lamaktaba.fr\/index.php\/wp-json\/wp\/v2\/types\/product"}],"replies":[{"embeddable":true,"href":"https:\/\/lamaktaba.fr\/index.php\/wp-json\/wp\/v2\/comments?post=267"}],"wp:featuredmedia":[{"embeddable":true,"href":"https:\/\/lamaktaba.fr\/index.php\/wp-json\/wp\/v2\/media\/37775"}],"wp:attachment":[{"href":"https:\/\/lamaktaba.fr\/index.php\/wp-json\/wp\/v2\/media?parent=267"}],"wp:term":[{"taxonomy":"product_brand","embeddable":true,"href":"https:\/\/lamaktaba.fr\/index.php\/wp-json\/wp\/v2\/product_brand?post=267"},{"taxonomy":"product_cat","embeddable":true,"href":"https:\/\/lamaktaba.fr\/index.php\/wp-json\/wp\/v2\/product_cat?post=267"},{"taxonomy":"product_tag","embeddable":true,"href":"https:\/\/lamaktaba.fr\/index.php\/wp-json\/wp\/v2\/product_tag?post=267"}],"curies":[{"name":"wp","href":"https:\/\/api.w.org\/{rel}","templated":true}]}}