{"id":23,"date":"2020-02-03T10:00:00","date_gmt":"2020-02-03T09:00:00","guid":{"rendered":"https:\/\/lamaktaba.fr\/index.php\/produit\/parle-moi-de-lislam-4-limpot-zakat\/"},"modified":"2025-04-01T12:44:33","modified_gmt":"2025-04-01T10:44:33","slug":"parle-moi-de-lislam-4-limpot-zakat","status":"publish","type":"product","link":"https:\/\/lamaktaba.fr\/index.php\/produit\/parle-moi-de-lislam-4-limpot-zakat","title":{"rendered":"Parle-moi de l&rsquo;Islam 4: L&rsquo;imp\u00f4t &#8211; Zak\u00e2t &#8211; Livre"},"content":{"rendered":"<p>Que veut dire Zak\u00e2t l&rsquo;imp\u00f4t? Que signifie t-il pour un enfant? cette collection \u00ab\u00a0Parle-moi de l&rsquo;Islam\u00a0\u00bb tente d&rsquo;y r\u00e9pondre au travers des illustrations ludiques et tr\u00e8s enrichissantes. Vous aurez l&rsquo;occasion de retrouver les attachants personnages de la petite famille musulmane qui feront d\u00e9couvrir \u00e0 vos enfants les principaux fondements de l&rsquo;Islam.<\/p>\n","protected":false},"excerpt":{"rendered":"<p>Que veut dire Zak\u00e2t l&rsquo;imp\u00f4t? Que signifie t-il pour un enfant? cette collection \u00ab\u00a0Parle-moi de l&rsquo;Islam\u00a0\u00bb tente d&rsquo;y r\u00e9pondre au travers des illustrations ludiques et tr\u00e8s enrichissantes. Vous aurez l&rsquo;occasion de retrouver les attachants personnages de la petite famille musulmane qui feront d\u00e9couvrir \u00e0 vos enfants les principaux fondements de l&rsquo;Islam.<\/p>\n","protected":false},"featured_media":37090,"comment_status":"open","ping_status":"closed","template":"","meta":[],"product_brand":[],"product_cat":[1910,1909,1929],"product_tag":[],"class_list":{"0":"post-23","1":"product","2":"type-product","3":"status-publish","4":"has-post-thumbnail","6":"product_cat-education","7":"product_cat-enfants","8":"product_cat-zakat-et-aumone","9":"pa_code-produit-ref-22405","10":"pa_editeur-pixelgraf-famille-musulmane","11":"pa_format-23-x-20-cm","12":"pa_langue-francais-arabe","13":"pa_nombre-de-pages-431","15":"first","16":"instock","17":"shipping-taxable","18":"purchasable","19":"product-type-simple"},"_links":{"self":[{"href":"https:\/\/lamaktaba.fr\/index.php\/wp-json\/wp\/v2\/product\/23","targetHints":{"allow":["GET"]}}],"collection":[{"href":"https:\/\/lamaktaba.fr\/index.php\/wp-json\/wp\/v2\/product"}],"about":[{"href":"https:\/\/lamaktaba.fr\/index.php\/wp-json\/wp\/v2\/types\/product"}],"replies":[{"embeddable":true,"href":"https:\/\/lamaktaba.fr\/index.php\/wp-json\/wp\/v2\/comments?post=23"}],"wp:featuredmedia":[{"embeddable":true,"href":"https:\/\/lamaktaba.fr\/index.php\/wp-json\/wp\/v2\/media\/37090"}],"wp:attachment":[{"href":"https:\/\/lamaktaba.fr\/index.php\/wp-json\/wp\/v2\/media?parent=23"}],"wp:term":[{"taxonomy":"product_brand","embeddable":true,"href":"https:\/\/lamaktaba.fr\/index.php\/wp-json\/wp\/v2\/product_brand?post=23"},{"taxonomy":"product_cat","embeddable":true,"href":"https:\/\/lamaktaba.fr\/index.php\/wp-json\/wp\/v2\/product_cat?post=23"},{"taxonomy":"product_tag","embeddable":true,"href":"https:\/\/lamaktaba.fr\/index.php\/wp-json\/wp\/v2\/product_tag?post=23"}],"curies":[{"name":"wp","href":"https:\/\/api.w.org\/{rel}","templated":true}]}}