{"id":22,"date":"2020-02-03T10:00:00","date_gmt":"2020-02-03T09:00:00","guid":{"rendered":"https:\/\/lamaktaba.fr\/index.php\/produit\/apprendre-lunicite-aux-enfants-bilingue-francais-arabe-cheikh-muhammad-ibn-abdi-l-wahhab\/"},"modified":"2025-04-01T12:44:22","modified_gmt":"2025-04-01T10:44:22","slug":"apprendre-lunicite-aux-enfants-bilingue-francais-arabe-cheikh-muhammad-ibn-abdi-l-wahhab","status":"publish","type":"product","link":"https:\/\/lamaktaba.fr\/index.php\/produit\/apprendre-lunicite-aux-enfants-bilingue-francais-arabe-cheikh-muhammad-ibn-abdi-l-wahhab","title":{"rendered":"Apprendre l&rsquo;Unicit\u00e9 aux enfants (Bilingue fran\u00e7ais\/arabe) &#8211; Cheikh Muhammad Ibn \u2018Abdi-l-Wahh\u00e2b"},"content":{"rendered":"<p>Voici une \u00e9p\u00eetre b\u00e9n\u00e9fique \u00e0 propos de ce que l\u2019on doit enseigner \u00e0 l\u2019enfant bien avant de lui apprendre le Coran afin qu\u2019il devienne une personne accomplie sur la base de l\u2019Islam originel et un monoth\u00e9iste convaincu et d\u00e9vou\u00e9 suivant la voie de la foi. J\u2019ai organis\u00e9 cette \u00e9p\u00eetre sous forme de questions et r\u00e9ponses.<br \/>Sommaire<br \/>Table de transcription phon\u00e9tique 3<br \/>Introduction 4<br \/>Conna\u00eetre notre Seigneur 6<br \/>La raison de notre cr\u00e9ation 10<br \/>Conna\u00eetre l\u2019association (chirk) 12<br \/>Conna\u00eetre l\u2019adoration 14<br \/>Conna\u00eetre le T \u00e2 gh \u00fbt 18<br \/>Conna\u00eetre ma religion 20<br \/>Conna\u00eetre les piliers de l\u2019Islam 24<br \/>Conna\u00eetre les piliers de la foi 30<br \/>Conna\u00eetre mon Proph\u00e8te (SAW) 32<br \/>Conna\u00eetre quelques articles de foi 38<br \/>La proph\u00e9tie de notre Messager (SAW) 44<br \/>Sommaire 56<\/p>\n","protected":false},"excerpt":{"rendered":"<p>Voici une \u00e9p\u00eetre b\u00e9n\u00e9fique \u00e0 propos de ce que l\u2019on doit enseigner \u00e0 l\u2019enfant bien avant de lui apprendre le Coran afin qu\u2019il devienne une personne accomplie sur la base de l\u2019Islam originel et un monoth\u00e9iste convaincu et d\u00e9vou\u00e9 suivant la voie de la foi. J\u2019ai organis\u00e9 cette \u00e9p\u00eetre sous forme de questions et r\u00e9ponses.SommaireTable [&hellip;]<\/p>\n","protected":false},"featured_media":4424,"comment_status":"open","ping_status":"closed","template":"","meta":[],"product_brand":[],"product_cat":[15],"product_tag":[],"class_list":{"0":"post-22","1":"product","2":"type-product","3":"status-publish","4":"has-post-thumbnail","6":"product_cat-non-classe","7":"pa_editeur-al-bayyinah","9":"first","10":"outofstock","11":"shipping-taxable","12":"purchasable","13":"product-type-simple"},"_links":{"self":[{"href":"https:\/\/lamaktaba.fr\/index.php\/wp-json\/wp\/v2\/product\/22","targetHints":{"allow":["GET"]}}],"collection":[{"href":"https:\/\/lamaktaba.fr\/index.php\/wp-json\/wp\/v2\/product"}],"about":[{"href":"https:\/\/lamaktaba.fr\/index.php\/wp-json\/wp\/v2\/types\/product"}],"replies":[{"embeddable":true,"href":"https:\/\/lamaktaba.fr\/index.php\/wp-json\/wp\/v2\/comments?post=22"}],"wp:featuredmedia":[{"embeddable":true,"href":"https:\/\/lamaktaba.fr\/index.php\/wp-json\/wp\/v2\/media\/4424"}],"wp:attachment":[{"href":"https:\/\/lamaktaba.fr\/index.php\/wp-json\/wp\/v2\/media?parent=22"}],"wp:term":[{"taxonomy":"product_brand","embeddable":true,"href":"https:\/\/lamaktaba.fr\/index.php\/wp-json\/wp\/v2\/product_brand?post=22"},{"taxonomy":"product_cat","embeddable":true,"href":"https:\/\/lamaktaba.fr\/index.php\/wp-json\/wp\/v2\/product_cat?post=22"},{"taxonomy":"product_tag","embeddable":true,"href":"https:\/\/lamaktaba.fr\/index.php\/wp-json\/wp\/v2\/product_tag?post=22"}],"curies":[{"name":"wp","href":"https:\/\/api.w.org\/{rel}","templated":true}]}}