{"id":217,"date":"2020-03-02T10:00:00","date_gmt":"2020-03-02T09:00:00","guid":{"rendered":"https:\/\/lamaktaba.fr\/index.php\/produit\/les-quarante-hadiths-dan-nawawi-an-nawawi\/"},"modified":"2025-04-01T12:44:06","modified_gmt":"2025-04-01T10:44:06","slug":"les-quarante-hadiths-dan-nawawi-an-nawawi","status":"publish","type":"product","link":"https:\/\/lamaktaba.fr\/index.php\/produit\/les-quarante-hadiths-dan-nawawi-an-nawawi","title":{"rendered":"Les Quarante Hadiths d&rsquo;An-nawawi &#8211; An-Nawawi"},"content":{"rendered":"<p>Livre bilingue (fran\u00e7ais\/arabe).<br \/>Abou Tharr (qu&rsquo;ALLAH l&rsquo;aggr\u00e9e) rapporta aussi que des gens parmi les Compagnons du Messager d&rsquo;Allah PBSL dirent au Proph\u00e8te: \u00ab\u00a0\u00d4 Messager d&rsquo;ALLAH ! Les riches se sont accapar\u00e9s des r\u00e9compenses d&rsquo;ALLAH, ils font la pri\u00e8re comme nous, ils je\u00fbnent Ramadan comme nous et ils donnent de l&rsquo;aum\u00f4ne\u00a0\u00bb. Le Proph\u00e8te leur r\u00e9pondit: \u00ab\u00a0ALLAH ne vous a-t-Il pas accord\u00e9 de quoi vos acquittez-vous? Vous aurez pour chaque exaltation (Sobh\u00e2n-Allah) une aum\u00f4ne, pour chaque glorification (Allahou Akbar) une aum\u00f4ne, pour chaque louange (Al-hamdou-lill\u00e2h) une aum\u00f4ne et chaque unification (l\u00e2 il\u00e2ha illall\u00e2h) une aum\u00f4ne, pour chaque commande du bien une aum\u00f4ne, pour chaque interdiction de bl\u00e2mable une aum\u00f4ne, et pour l&rsquo;acte sexuel de l&rsquo;un de vous avec sa femme une aum\u00f4ne. Les compagnons dirent: \u00ab\u00a0\u00f4 messager d&rsquo;Allah ! Aurait-il salaire celui qui jouit parmi nous du sexe? Il r\u00e9pondit: \u00ab\u00a0Ne constatez-vous pas s&rsquo;il en jouit ill\u00e9galement, ne sera-t-il pas sanctionn\u00e9? De m\u00eame, s&rsquo;il en jouit l\u00e9galement, il sera r\u00e9compens\u00e9<\/p>\n","protected":false},"excerpt":{"rendered":"<p>Livre bilingue (fran\u00e7ais\/arabe).Abou Tharr (qu&rsquo;ALLAH l&rsquo;aggr\u00e9e) rapporta aussi que des gens parmi les Compagnons du Messager d&rsquo;Allah PBSL dirent au Proph\u00e8te: \u00ab\u00a0\u00d4 Messager d&rsquo;ALLAH ! Les riches se sont accapar\u00e9s des r\u00e9compenses d&rsquo;ALLAH, ils font la pri\u00e8re comme nous, ils je\u00fbnent Ramadan comme nous et ils donnent de l&rsquo;aum\u00f4ne\u00a0\u00bb. Le Proph\u00e8te leur r\u00e9pondit: \u00ab\u00a0ALLAH ne [&hellip;]<\/p>\n","protected":false},"featured_media":5011,"comment_status":"open","ping_status":"closed","template":"","meta":[],"product_brand":[],"product_cat":[15],"product_tag":[],"class_list":{"0":"post-217","1":"product","2":"type-product","3":"status-publish","4":"has-post-thumbnail","6":"product_cat-non-classe","7":"pa_editeur-orientica","9":"first","10":"outofstock","11":"shipping-taxable","12":"purchasable","13":"product-type-simple"},"_links":{"self":[{"href":"https:\/\/lamaktaba.fr\/index.php\/wp-json\/wp\/v2\/product\/217","targetHints":{"allow":["GET"]}}],"collection":[{"href":"https:\/\/lamaktaba.fr\/index.php\/wp-json\/wp\/v2\/product"}],"about":[{"href":"https:\/\/lamaktaba.fr\/index.php\/wp-json\/wp\/v2\/types\/product"}],"replies":[{"embeddable":true,"href":"https:\/\/lamaktaba.fr\/index.php\/wp-json\/wp\/v2\/comments?post=217"}],"wp:featuredmedia":[{"embeddable":true,"href":"https:\/\/lamaktaba.fr\/index.php\/wp-json\/wp\/v2\/media\/5011"}],"wp:attachment":[{"href":"https:\/\/lamaktaba.fr\/index.php\/wp-json\/wp\/v2\/media?parent=217"}],"wp:term":[{"taxonomy":"product_brand","embeddable":true,"href":"https:\/\/lamaktaba.fr\/index.php\/wp-json\/wp\/v2\/product_brand?post=217"},{"taxonomy":"product_cat","embeddable":true,"href":"https:\/\/lamaktaba.fr\/index.php\/wp-json\/wp\/v2\/product_cat?post=217"},{"taxonomy":"product_tag","embeddable":true,"href":"https:\/\/lamaktaba.fr\/index.php\/wp-json\/wp\/v2\/product_tag?post=217"}],"curies":[{"name":"wp","href":"https:\/\/api.w.org\/{rel}","templated":true}]}}