{"id":189,"date":"2020-03-02T10:00:00","date_gmt":"2020-03-02T09:00:00","guid":{"rendered":"https:\/\/lamaktaba.fr\/index.php\/produit\/croire-en-allah-ca-veut-dire-quoi-imran-zeki-amin-salih\/"},"modified":"2025-04-01T12:44:53","modified_gmt":"2025-04-01T10:44:53","slug":"croire-en-allah-ca-veut-dire-quoi-imran-zeki-amin-salih","status":"publish","type":"product","link":"https:\/\/lamaktaba.fr\/index.php\/produit\/croire-en-allah-ca-veut-dire-quoi-imran-zeki-amin-salih","title":{"rendered":"Croire en Allah, \u00e7a veut dire quoi? &#8211; Imran Zeki, Amin Salih"},"content":{"rendered":"<p>Des questions, on s&rsquo;en pose tout le temps et d\u00e8s le plus jeune \u00e2ge&#8230; d&rsquo;o\u00f9 est ce que je viens? Le monde est apparu comment?&#8230;<br \/>Croire en Allah, \u00e7a veut dire quoi? &#8211; Les r\u00e9ponses de l&rsquo;Islam aux grandes questions des petits<br \/>Des questions, on s&rsquo;en pose tout le temps et d\u00e8s le plus jeune \u00e2ge&#8230;<br \/>D&rsquo;ou est-ce que je viens?<br \/>Le monde est-il apparu par hasard?<br \/>Qui est Dieu?<br \/>Le singe est-il l&rsquo;anc\u00eatre de l&rsquo;Homme?<br \/>On n&rsquo;a pas tous la m\u00eame religion,pourquoi?<br \/>A travers les 8 chapitres de ce livre, tu d\u00e9couvriras ce que t&rsquo;enseigne l&rsquo;Islam sur ces questions et bien d&rsquo;autres&#8230;<br \/>Ce livre t&rsquo;invite \u00e0 r\u00e9fl\u00e9chir et \u00e0 trouver les r\u00e9ponses que l&rsquo;Islam apporte.<br \/>Tu pourras alors mieux comprendre pourquoi des millions de gens sont musulmans et croient en Allah&#8230;<br \/>A travers les 8 chapitres de ce livre, tu d\u00e9couvriras ce que t&rsquo;enseigne l&rsquo;islam sur le fait de croire en Allah le tr\u00e8s Haut.<\/p>\n","protected":false},"excerpt":{"rendered":"<p>Des questions, on s&rsquo;en pose tout le temps et d\u00e8s le plus jeune \u00e2ge&#8230; d&rsquo;o\u00f9 est ce que je viens? Le monde est apparu comment?&#8230;Croire en Allah, \u00e7a veut dire quoi? &#8211; Les r\u00e9ponses de l&rsquo;Islam aux grandes questions des petitsDes questions, on s&rsquo;en pose tout le temps et d\u00e8s le plus jeune \u00e2ge&#8230;D&rsquo;ou est-ce [&hellip;]<\/p>\n","protected":false},"featured_media":4914,"comment_status":"open","ping_status":"closed","template":"","meta":[],"product_brand":[],"product_cat":[15],"product_tag":[],"class_list":{"0":"post-189","1":"product","2":"type-product","3":"status-publish","4":"has-post-thumbnail","6":"product_cat-non-classe","7":"pa_editeur-la-ruche","9":"first","10":"outofstock","11":"shipping-taxable","12":"purchasable","13":"product-type-simple"},"_links":{"self":[{"href":"https:\/\/lamaktaba.fr\/index.php\/wp-json\/wp\/v2\/product\/189","targetHints":{"allow":["GET"]}}],"collection":[{"href":"https:\/\/lamaktaba.fr\/index.php\/wp-json\/wp\/v2\/product"}],"about":[{"href":"https:\/\/lamaktaba.fr\/index.php\/wp-json\/wp\/v2\/types\/product"}],"replies":[{"embeddable":true,"href":"https:\/\/lamaktaba.fr\/index.php\/wp-json\/wp\/v2\/comments?post=189"}],"wp:featuredmedia":[{"embeddable":true,"href":"https:\/\/lamaktaba.fr\/index.php\/wp-json\/wp\/v2\/media\/4914"}],"wp:attachment":[{"href":"https:\/\/lamaktaba.fr\/index.php\/wp-json\/wp\/v2\/media?parent=189"}],"wp:term":[{"taxonomy":"product_brand","embeddable":true,"href":"https:\/\/lamaktaba.fr\/index.php\/wp-json\/wp\/v2\/product_brand?post=189"},{"taxonomy":"product_cat","embeddable":true,"href":"https:\/\/lamaktaba.fr\/index.php\/wp-json\/wp\/v2\/product_cat?post=189"},{"taxonomy":"product_tag","embeddable":true,"href":"https:\/\/lamaktaba.fr\/index.php\/wp-json\/wp\/v2\/product_tag?post=189"}],"curies":[{"name":"wp","href":"https:\/\/api.w.org\/{rel}","templated":true}]}}