{"id":170,"date":"2020-02-03T10:00:00","date_gmt":"2020-02-03T09:00:00","guid":{"rendered":"https:\/\/lamaktaba.fr\/index.php\/produit\/le-tajwid-simplifie-niveaux-1-2-cahier-dexercices-farid-ouyalize\/"},"modified":"2025-04-01T12:44:06","modified_gmt":"2025-04-01T10:44:06","slug":"le-tajwid-simplifie-niveaux-1-2-cahier-dexercices-farid-ouyalize","status":"publish","type":"product","link":"https:\/\/lamaktaba.fr\/index.php\/produit\/le-tajwid-simplifie-niveaux-1-2-cahier-dexercices-farid-ouyalize","title":{"rendered":"Le tajwid simplifi\u00e9 niveaux 1 &#038; 2: Cahier d&rsquo;exercices &#8211; Farid Ouyalize"},"content":{"rendered":"<p>Cet ouvrage d\u00e9di\u00e9 aux exercices se veut compl\u00e9mentaire du livre: Le Tajwid simplifi\u00e9 reprend les th\u00e8mes dans le m\u00eame ordre sur deux niveaux avec les corrig\u00e9s correspondants afin de permettre \u00e0 l&rsquo;\u00e9tudiant, \u00e0 d\u00e9faut d&rsquo;\u00eatre encadr\u00e9 par un professeur, de pouvoir assimiler plus rapidement les r\u00e8gles de tajwid.<br \/>Il sera \u00e9galement une aide au professeur qui peut s&rsquo;en servir comme mod\u00e8le et proposer ainsi d&rsquo;autres exercices \u00e0 ses \u00e9l\u00e8ves.<\/p>\n","protected":false},"excerpt":{"rendered":"<p>Cet ouvrage d\u00e9di\u00e9 aux exercices se veut compl\u00e9mentaire du livre: Le Tajwid simplifi\u00e9 reprend les th\u00e8mes dans le m\u00eame ordre sur deux niveaux avec les corrig\u00e9s correspondants afin de permettre \u00e0 l&rsquo;\u00e9tudiant, \u00e0 d\u00e9faut d&rsquo;\u00eatre encadr\u00e9 par un professeur, de pouvoir assimiler plus rapidement les r\u00e8gles de tajwid.Il sera \u00e9galement une aide au professeur qui [&hellip;]<\/p>\n","protected":false},"featured_media":4870,"comment_status":"open","ping_status":"closed","template":"","meta":[],"product_brand":[],"product_cat":[15],"product_tag":[],"class_list":{"0":"post-170","1":"product","2":"type-product","3":"status-publish","4":"has-post-thumbnail","6":"product_cat-non-classe","7":"pa_editeur-hedilina","9":"first","10":"outofstock","11":"shipping-taxable","12":"purchasable","13":"product-type-simple"},"_links":{"self":[{"href":"https:\/\/lamaktaba.fr\/index.php\/wp-json\/wp\/v2\/product\/170","targetHints":{"allow":["GET"]}}],"collection":[{"href":"https:\/\/lamaktaba.fr\/index.php\/wp-json\/wp\/v2\/product"}],"about":[{"href":"https:\/\/lamaktaba.fr\/index.php\/wp-json\/wp\/v2\/types\/product"}],"replies":[{"embeddable":true,"href":"https:\/\/lamaktaba.fr\/index.php\/wp-json\/wp\/v2\/comments?post=170"}],"wp:featuredmedia":[{"embeddable":true,"href":"https:\/\/lamaktaba.fr\/index.php\/wp-json\/wp\/v2\/media\/4870"}],"wp:attachment":[{"href":"https:\/\/lamaktaba.fr\/index.php\/wp-json\/wp\/v2\/media?parent=170"}],"wp:term":[{"taxonomy":"product_brand","embeddable":true,"href":"https:\/\/lamaktaba.fr\/index.php\/wp-json\/wp\/v2\/product_brand?post=170"},{"taxonomy":"product_cat","embeddable":true,"href":"https:\/\/lamaktaba.fr\/index.php\/wp-json\/wp\/v2\/product_cat?post=170"},{"taxonomy":"product_tag","embeddable":true,"href":"https:\/\/lamaktaba.fr\/index.php\/wp-json\/wp\/v2\/product_tag?post=170"}],"curies":[{"name":"wp","href":"https:\/\/api.w.org\/{rel}","templated":true}]}}