{"id":151,"date":"2020-03-02T10:00:00","date_gmt":"2020-03-02T09:00:00","guid":{"rendered":"https:\/\/lamaktaba.fr\/index.php\/produit\/la-risala-ibn-abu-zayd-al-qayrawani\/"},"modified":"2025-04-01T12:47:04","modified_gmt":"2025-04-01T10:47:04","slug":"la-risala-ibn-abu-zayd-al-qayrawani","status":"publish","type":"product","link":"https:\/\/lamaktaba.fr\/index.php\/produit\/la-risala-ibn-abu-zayd-al-qayrawani","title":{"rendered":"La Ris\u00e2la &#8211; Ibn Ab\u00fb Zayd Al-Qayraw\u00e2n\u00ee"},"content":{"rendered":"<p>Ep\u00eetre sur les \u00e9l\u00e9ments du dogme et de la loi de l&rsquo;islam selon le rite mal\u00e9kite.<br \/>La Ris\u00e2la est un ensemble de doctrines ocnformes \u00e0 la sunna du Proph\u00e8te et de ses Compagnons. C&rsquo;est un expos\u00e9 des obligations de la religion, contenant les rudimants de la jurisprudence (les actes d&rsquo;ob\u00e9issance) ainsi que ceux du dogme (les actes de la foi).<\/p>\n","protected":false},"excerpt":{"rendered":"<p>Ep\u00eetre sur les \u00e9l\u00e9ments du dogme et de la loi de l&rsquo;islam selon le rite mal\u00e9kite.La Ris\u00e2la est un ensemble de doctrines ocnformes \u00e0 la sunna du Proph\u00e8te et de ses Compagnons. C&rsquo;est un expos\u00e9 des obligations de la religion, contenant les rudimants de la jurisprudence (les actes d&rsquo;ob\u00e9issance) ainsi que ceux du dogme (les [&hellip;]<\/p>\n","protected":false},"featured_media":4794,"comment_status":"open","ping_status":"closed","template":"","meta":[],"product_brand":[],"product_cat":[15],"product_tag":[],"class_list":{"0":"post-151","1":"product","2":"type-product","3":"status-publish","4":"has-post-thumbnail","6":"product_cat-non-classe","7":"pa_editeur-ennour","9":"first","10":"outofstock","11":"shipping-taxable","12":"purchasable","13":"product-type-simple"},"_links":{"self":[{"href":"https:\/\/lamaktaba.fr\/index.php\/wp-json\/wp\/v2\/product\/151","targetHints":{"allow":["GET"]}}],"collection":[{"href":"https:\/\/lamaktaba.fr\/index.php\/wp-json\/wp\/v2\/product"}],"about":[{"href":"https:\/\/lamaktaba.fr\/index.php\/wp-json\/wp\/v2\/types\/product"}],"replies":[{"embeddable":true,"href":"https:\/\/lamaktaba.fr\/index.php\/wp-json\/wp\/v2\/comments?post=151"}],"wp:featuredmedia":[{"embeddable":true,"href":"https:\/\/lamaktaba.fr\/index.php\/wp-json\/wp\/v2\/media\/4794"}],"wp:attachment":[{"href":"https:\/\/lamaktaba.fr\/index.php\/wp-json\/wp\/v2\/media?parent=151"}],"wp:term":[{"taxonomy":"product_brand","embeddable":true,"href":"https:\/\/lamaktaba.fr\/index.php\/wp-json\/wp\/v2\/product_brand?post=151"},{"taxonomy":"product_cat","embeddable":true,"href":"https:\/\/lamaktaba.fr\/index.php\/wp-json\/wp\/v2\/product_cat?post=151"},{"taxonomy":"product_tag","embeddable":true,"href":"https:\/\/lamaktaba.fr\/index.php\/wp-json\/wp\/v2\/product_tag?post=151"}],"curies":[{"name":"wp","href":"https:\/\/api.w.org\/{rel}","templated":true}]}}