{"id":135,"date":"2020-03-02T10:00:00","date_gmt":"2020-03-02T09:00:00","guid":{"rendered":"https:\/\/lamaktaba.fr\/index.php\/produit\/lesprit-de-lame-lessence-de-revivification-des-sciences-de-la-religion-%d9%85%d8%ae%d8%aa%d8%b5%d8%b1-%d9%85%d9%86%d9%87%d8%a7%d8%ac-%d8%a7%d9%84%d9%82%d8%a7%d8%b5%d8%af%d9%8a%d9%86-al-ghaza\/"},"modified":"2025-04-01T12:44:17","modified_gmt":"2025-04-01T10:44:17","slug":"lesprit-de-lame-lessence-de-revivification-des-sciences-de-la-religion-d985d8aed8aad8b5d8b1-d985d986d987d8a7d8ac-d8a7d984d982d8a7d8b5d8afd98ad986-al-ghaza","status":"publish","type":"product","link":"https:\/\/lamaktaba.fr\/index.php\/produit\/lesprit-de-lame-lessence-de-revivification-des-sciences-de-la-religion-d985d8aed8aad8b5d8b1-d985d986d987d8a7d8ac-d8a7d984d982d8a7d8b5d8afd98ad986-al-ghaza","title":{"rendered":"L\u2019esprit de l\u2019\u00e2me d\u2019apr\u00e8s Al-Ghazali, Ibn Al-Jawzi et Ibn Qudamah"},"content":{"rendered":"<p>L\u2019esprit de l\u2019\u00e2me d\u2019apr\u00e8s Al-Ghazali, Ibn Al-Jawzi et Ibn Qudamah;Allah (Haza Wajal) dit en ce qui est le sens de Sa Parole: \u00ab Celui qui \u00e9tait mort et que Nous avons ramen\u00e9 \u00e0 la vie (par la foi), lui attribuant une lumi\u00e8re gr\u00e2ce \u00e0 laquelle il marche parmi les gens, est-il semblable \u00e0 celui qui erre dans les t\u00e9n\u00e8bres sans pouvoir en sortir? (Sourate al-An\u2019am, v.122).;Il a ainsi compar\u00e9 la foi et l\u2019islam \u00e0 l\u2019\u00e2me qui a donne vie au corps, quiconque en est priv\u00e9 est semblable au mort, m\u00eame s\u2019il pense \u00eatre vivant.;L\u2019imam Al-Ghazali qu\u2019Allah le couvre de sa mis\u00e9ricorde, consid\u00e9ra la condition de la communaut\u00e9 musulmane \u00e0 son \u00e9poque et dit: \u00ab Quant \u00e0 la science de la voie menant \u00e0 l\u2019au-del\u00e0, sur laquelle ont chemin\u00e9 les pieux pr\u00e9d\u00e9cesseurs, et qu\u2019Allah (Haza Wajal) a nomm\u00e9e dans son Livre: compr\u00e9hension (fiqh), sagesse, science, \u00e9clat, lumi\u00e8re, guid\u00e9e et droiture, elle est ignor\u00e9e et totalement oubli\u00e9e. Ceci \u00e9tant une entaille d\u00e9sastreuse faite \u00e0 la religion, et un malheur obscur, j\u2019ai consid\u00e9r\u00e9 qu\u2019il me fallait composer ce livre important afin de revivifier les sciences de la religion, d\u00e9voiler, d\u00e9voiler les voies des imams pass\u00e9s, et exposer les splendeurs des sciences utiles des proph\u00e8tes et pieux pr\u00e9d\u00e9cesseurs. \u00bb Voil\u00e0 ce qui marqua le d\u00e9part de son \u0153uvre monumentale: Revivification des sciences de la religion.;Bien que son \u0153uvre ait \u00e9t\u00e9 controvers\u00e9e et critiqu\u00e9e, les savants ne l\u2019ont pas pour autant totalement \u00e9cart\u00e9e, et nombre d\u2019entre eux se sont attach\u00e9s \u00e0 l\u2019expurger. C\u2019est \u00e0 ce travail immense que se sont livr\u00e9s, l\u2019un apr\u00e8s l\u2019autre imam Ibn Al-Jawzi et Ibn Qudamah, afin de n\u2019en garder que la quintessence. Si Al-Ghazali s\u2019est attach\u00e9 \u00e0 montrer ce qu\u2019est l\u2019\u00e2me de l\u2019islam et de la foi, Ibn Al-Jawzi et Ibn Qudamah nous ont donn\u00e9 acc\u00e8s \u00e0 l\u2019essence de l\u2019\u0153uvre: l\u2019esprit de l\u2019\u00e2me.;Cet ouvrage est compos\u00e9 de la biographie de notre trois auteurs suivit de quatre quarts, qui eux sont compos\u00e9s de sous-th\u00e8mes;- Biographie concise de l\u2019imam Al- Ghazali;- Biographie concise de l\u2019imam Ibn Al-Jawzi;- Biographie concise d e l\u2019imam Ibn Al-Qudamah;- Premier quart: Les adorations;- Deuxi\u00e8me quart: Les us et coutumes;- Troisi\u00e8me quart: Les perditions;- Quatri\u00e8me quart: Ce qui comporte le salut<\/p>\n","protected":false},"excerpt":{"rendered":"<p>L\u2019esprit de l\u2019\u00e2me d\u2019apr\u00e8s Al-Ghazali, Ibn Al-Jawzi et Ibn Qudamah;Allah (Haza Wajal) dit en ce qui est le sens de Sa Parole: \u00ab Celui qui \u00e9tait mort et que Nous avons ramen\u00e9 \u00e0 la vie (par la foi), lui attribuant une lumi\u00e8re gr\u00e2ce \u00e0 laquelle il marche parmi les gens, est-il semblable \u00e0 celui qui erre dans les t\u00e9n\u00e8bres sans pouvoir en sortir? (Sourate al-An\u2019am, v.122).;Il a ainsi compar\u00e9 la foi et l\u2019islam \u00e0 l\u2019\u00e2me qui a donne vie au corps, quiconque en est priv\u00e9 est semblable au mort, m\u00eame s\u2019il pense \u00eatre vivant.;L\u2019imam Al-Ghazali qu\u2019Allah le couvre de sa mis\u00e9ricorde, consid\u00e9ra la condition de la communaut\u00e9 musulmane \u00e0 son \u00e9poque et dit: \u00ab Quant \u00e0 la science de la voie menant \u00e0 l\u2019au-del\u00e0, sur laquelle ont chemin\u00e9 les pieux pr\u00e9d\u00e9cesseurs, et qu\u2019Allah (Haza Wajal) a nomm\u00e9e dans son Livre: compr\u00e9hension (fiqh), sagesse, science, \u00e9clat, lumi\u00e8re, guid\u00e9e et droiture, elle est ignor\u00e9e et totalement oubli\u00e9e. Ceci \u00e9tant une entaille d\u00e9sastreuse faite \u00e0 la religion, et un malheur obscur, j\u2019ai consid\u00e9r\u00e9 qu\u2019il me fallait composer ce livre important afin de revivifier les sciences de la religion, d\u00e9voiler, d\u00e9voiler les voies des imams pass\u00e9s, et exposer les splendeurs des sciences utiles des proph\u00e8tes et pieux pr\u00e9d\u00e9cesseurs. \u00bb Voil\u00e0 ce qui marqua le d\u00e9part de son \u0153uvre monumentale: Revivification des sciences de la religion.;Bien que son \u0153uvre ait \u00e9t\u00e9 controvers\u00e9e et critiqu\u00e9e, les savants ne l\u2019ont pas pour autant totalement \u00e9cart\u00e9e, et nombre d\u2019entre eux se sont attach\u00e9s \u00e0 l\u2019expurger. C\u2019est \u00e0 ce travail immense que se sont livr\u00e9s, l\u2019un apr\u00e8s l\u2019autre imam Ibn Al-Jawzi et Ibn Qudamah, afin de n\u2019en garder que la quintessence. Si Al-Ghazali s\u2019est attach\u00e9 \u00e0 montrer ce qu\u2019est l\u2019\u00e2me de l\u2019islam et de la foi, Ibn Al-Jawzi et Ibn Qudamah nous ont donn\u00e9 acc\u00e8s \u00e0 l\u2019essence de l\u2019\u0153uvre: l\u2019esprit de l\u2019\u00e2me.;Cet ouvrage est compos\u00e9 de la biographie de notre trois auteurs suivit de quatre quarts, qui eux sont compos\u00e9s de sous-th\u00e8mes;- Biographie concise de l\u2019imam Al- Ghazali;- Biographie concise de l\u2019imam Ibn Al-Jawzi;- Biographie concise d e l\u2019imam Ibn Al-Qudamah;- Premier quart: Les adorations;- Deuxi\u00e8me quart: Les us et coutumes;- Troisi\u00e8me quart: Les perditions;- Quatri\u00e8me quart: Ce qui comporte le salut<\/p>\n","protected":false},"featured_media":37957,"comment_status":"open","ping_status":"closed","template":"","meta":[],"product_brand":[],"product_cat":[1916],"product_tag":[],"class_list":{"0":"post-135","1":"product","2":"type-product","3":"status-publish","4":"has-post-thumbnail","6":"product_cat-spiritualite","7":"pa_annee-451","8":"pa_auteur-al-ghazali-ibn-al-jawzi-et-ibn-qudamah","9":"pa_editeur-ennour","10":"pa_format-17-x-21-5","11":"pa_nombre-de-pages-1386","12":"pa_reliure-rigide","14":"first","15":"outofstock","16":"shipping-taxable","17":"purchasable","18":"product-type-simple"},"_links":{"self":[{"href":"https:\/\/lamaktaba.fr\/index.php\/wp-json\/wp\/v2\/product\/135","targetHints":{"allow":["GET"]}}],"collection":[{"href":"https:\/\/lamaktaba.fr\/index.php\/wp-json\/wp\/v2\/product"}],"about":[{"href":"https:\/\/lamaktaba.fr\/index.php\/wp-json\/wp\/v2\/types\/product"}],"replies":[{"embeddable":true,"href":"https:\/\/lamaktaba.fr\/index.php\/wp-json\/wp\/v2\/comments?post=135"}],"wp:featuredmedia":[{"embeddable":true,"href":"https:\/\/lamaktaba.fr\/index.php\/wp-json\/wp\/v2\/media\/37957"}],"wp:attachment":[{"href":"https:\/\/lamaktaba.fr\/index.php\/wp-json\/wp\/v2\/media?parent=135"}],"wp:term":[{"taxonomy":"product_brand","embeddable":true,"href":"https:\/\/lamaktaba.fr\/index.php\/wp-json\/wp\/v2\/product_brand?post=135"},{"taxonomy":"product_cat","embeddable":true,"href":"https:\/\/lamaktaba.fr\/index.php\/wp-json\/wp\/v2\/product_cat?post=135"},{"taxonomy":"product_tag","embeddable":true,"href":"https:\/\/lamaktaba.fr\/index.php\/wp-json\/wp\/v2\/product_tag?post=135"}],"curies":[{"name":"wp","href":"https:\/\/api.w.org\/{rel}","templated":true}]}}