{"id":133,"date":"2020-03-02T10:00:00","date_gmt":"2020-03-02T09:00:00","guid":{"rendered":"https:\/\/lamaktaba.fr\/index.php\/produit\/lessentiel-de-la-vie-du-prophete-imam-an-nawawi\/"},"modified":"2025-04-01T12:44:17","modified_gmt":"2025-04-01T10:44:17","slug":"lessentiel-de-la-vie-du-prophete-imam-an-nawawi","status":"publish","type":"product","link":"https:\/\/lamaktaba.fr\/index.php\/produit\/lessentiel-de-la-vie-du-prophete-imam-an-nawawi","title":{"rendered":"L&rsquo;essentiel de la vie du Proph\u00e8te, de l&rsquo; imam An-Nawaw\u00ee (3\u00e8me \u00e9dition)"},"content":{"rendered":"<p>L&rsquo;essentiel de la vie du Proph\u00e8te, de l&rsquo; imam An-Nawaw\u00ee;Aucune biographie d&rsquo;\u00eatre humain, depuis notre p\u00e8re Adam, n&rsquo;a fait l&rsquo;objet de plus d&rsquo;attention et de recherches que la biographie du Messager d&rsquo;Allah, Muhammad Ibn &lsquo;Abd Allah. G\u00e9n\u00e9ration apr\u00e8s g\u00e9n\u00e9ration, les savants musulmans ont gard\u00e9 cette attention pour la vie du Messager d&rsquo;Allah et sa biographie, la pr\u00e9sentant d&rsquo;une mani\u00e8re limpide \u00e0 la Communaut\u00e9.;L&rsquo;imam An-Nawaw\u00ee nous propose ici une biographie du Messager d&rsquo; Allah (sws) \u00e9crite de mani\u00e8re concise, contenant \u00e0 la fois sa description [ses habitudes] et son histoire. Il en a d\u00e9voil\u00e9 ce qui constitue une excellente introduction \u00e0 l&rsquo;\u00e9tude de la vie proph\u00e9tique, de fa\u00e7on \u00e0 ce que tout un chacun puisse constamment disposer d&rsquo;une base scientifique accessible parcourant l&rsquo;ensemble de la vie du Proph\u00e8te (sws);R\u00e9f\u00e9rence 9782916457215;Fiche technique AUTEUR: &#8211; L&rsquo;imam An-Nawaw\u00ee &#8211; Pr\u00e9par\u00e9 et comment\u00e9 par: Kh\u00e2lid &lsquo;Abd Ar-Rahm\u00e2n As-Sh\u00e2yi&rsquo; LANGUE: -.Fran\u00e7ais ANNEE: &#8211; 2017 SUPPORT: &#8211; Livre THEME: &#8211; La Vie du Prophete (sbdl) &#038; Histoire de L&rsquo;Islam \u00c9DITIONS: &#8211; Tawbah Condition: &#8211; Neuf Nombre de Pages: &#8211; 74 FORMAT (CM): 14 x 20 cm Poids (kg): &#8211; 0.127 kg EAN13: &#8211; 9782916457215 RELIURE: &#8211; Souple;R\u00e9f\u00e9rences sp\u00e9cifiques;Donnez votre avis;Aucun commentaire pour le moment<\/p>\n","protected":false},"excerpt":{"rendered":"<p>L&rsquo;essentiel de la vie du Proph\u00e8te, de l&rsquo; imam An-Nawaw\u00ee;Aucune biographie d&rsquo;\u00eatre humain, depuis notre p\u00e8re Adam, n&rsquo;a fait l&rsquo;objet de plus d&rsquo;attention et de recherches que la biographie du Messager d&rsquo;Allah, Muhammad Ibn &lsquo;Abd Allah. G\u00e9n\u00e9ration apr\u00e8s g\u00e9n\u00e9ration, les savants musulmans ont gard\u00e9 cette attention pour la vie du Messager d&rsquo;Allah et sa biographie, la pr\u00e9sentant d&rsquo;une mani\u00e8re limpide \u00e0 la Communaut\u00e9.;L&rsquo;imam An-Nawaw\u00ee nous propose ici une biographie du Messager d&rsquo; Allah (sws) \u00e9crite de mani\u00e8re concise, contenant \u00e0 la fois sa description [ses habitudes] et son histoire. Il en a d\u00e9voil\u00e9 ce qui constitue une excellente introduction \u00e0 l&rsquo;\u00e9tude de la vie proph\u00e9tique, de fa\u00e7on \u00e0 ce que tout un chacun puisse constamment disposer d&rsquo;une base scientifique accessible parcourant l&rsquo;ensemble de la vie du Proph\u00e8te (sws);R\u00e9f\u00e9rence 9782916457215;Fiche technique AUTEUR: &#8211; L&rsquo;imam An-Nawaw\u00ee &#8211; Pr\u00e9par\u00e9 et comment\u00e9 par: Kh\u00e2lid &lsquo;Abd Ar-Rahm\u00e2n As-Sh\u00e2yi&rsquo; LANGUE: -.Fran\u00e7ais ANNEE: &#8211; 2017 SUPPORT: &#8211; Livre THEME: &#8211; La Vie du Prophete (sbdl) &#038; Histoire de L&rsquo;Islam \u00c9DITIONS: &#8211; Tawbah Condition: &#8211; Neuf Nombre de Pages: &#8211; 74 FORMAT (CM): 14 x 20 cm Poids (kg): &#8211; 0.127 kg EAN13: &#8211; 9782916457215 RELIURE: &#8211; Souple;R\u00e9f\u00e9rences sp\u00e9cifiques;Donnez votre avis;Aucun commentaire pour le moment<\/p>\n","protected":false},"featured_media":36992,"comment_status":"open","ping_status":"closed","template":"","meta":[],"product_brand":[],"product_cat":[15],"product_tag":[],"class_list":{"0":"post-133","1":"product","2":"type-product","3":"status-publish","4":"has-post-thumbnail","6":"product_cat-non-classe","7":"pa_annee-440","8":"pa_auteur-limam-an-nawawi-prepare-et-commente-par-khalid-abd-ar-rahman-as-shayi","9":"pa_editeur-ennour","10":"pa_format-14-x-20-cm","11":"pa_langue-francais","12":"pa_nombre-de-pages-590","13":"pa_reliure-souple","15":"first","16":"instock","17":"shipping-taxable","18":"purchasable","19":"product-type-simple"},"_links":{"self":[{"href":"https:\/\/lamaktaba.fr\/index.php\/wp-json\/wp\/v2\/product\/133","targetHints":{"allow":["GET"]}}],"collection":[{"href":"https:\/\/lamaktaba.fr\/index.php\/wp-json\/wp\/v2\/product"}],"about":[{"href":"https:\/\/lamaktaba.fr\/index.php\/wp-json\/wp\/v2\/types\/product"}],"replies":[{"embeddable":true,"href":"https:\/\/lamaktaba.fr\/index.php\/wp-json\/wp\/v2\/comments?post=133"}],"wp:featuredmedia":[{"embeddable":true,"href":"https:\/\/lamaktaba.fr\/index.php\/wp-json\/wp\/v2\/media\/36992"}],"wp:attachment":[{"href":"https:\/\/lamaktaba.fr\/index.php\/wp-json\/wp\/v2\/media?parent=133"}],"wp:term":[{"taxonomy":"product_brand","embeddable":true,"href":"https:\/\/lamaktaba.fr\/index.php\/wp-json\/wp\/v2\/product_brand?post=133"},{"taxonomy":"product_cat","embeddable":true,"href":"https:\/\/lamaktaba.fr\/index.php\/wp-json\/wp\/v2\/product_cat?post=133"},{"taxonomy":"product_tag","embeddable":true,"href":"https:\/\/lamaktaba.fr\/index.php\/wp-json\/wp\/v2\/product_tag?post=133"}],"curies":[{"name":"wp","href":"https:\/\/api.w.org\/{rel}","templated":true}]}}