{"id":132,"date":"2020-03-02T10:00:00","date_gmt":"2020-03-02T09:00:00","guid":{"rendered":"https:\/\/lamaktaba.fr\/index.php\/produit\/comprendre-le-coran-cheikh-muhammad-salih-al-uthaymin\/"},"modified":"2025-04-01T12:44:52","modified_gmt":"2025-04-01T10:44:52","slug":"comprendre-le-coran-cheikh-muhammad-salih-al-uthaymin","status":"publish","type":"product","link":"https:\/\/lamaktaba.fr\/index.php\/produit\/comprendre-le-coran-cheikh-muhammad-salih-al-uthaymin","title":{"rendered":"Comprendre le Coran &#8211; Cheikh Muhammad Salih Al Uthaymin"},"content":{"rendered":"<p>Il est important pour toute personne d&rsquo;acqu\u00e9rir dans chaque discipline les fondements qui vont l&rsquo;aider \u00e0 comprendre, puis \u00e0 tirer des enseignements, afin que sa science repose sur des bases et des piliers solides. L&rsquo;expression dit: \u00ab\u00a0Celui qui n&rsquo;a pas les bases ne peut pas atteindre son but\u00a0\u00bb. Parmi les sciences les plus nobles, ou plut\u00f4t la plus noble, il y a la science de l&rsquo;ex\u00e9g\u00e8se (Ilm ut-Tafsir) qui est la clarification du sens de la Parole d&rsquo;Allah. Les gens de science en ont pos\u00e9 les fondements, tout comme ils ont pos\u00e9 les fondements de la science du hadith et de la jurisprudence (fiqh)\u2026<\/p>\n","protected":false},"excerpt":{"rendered":"<p>Il est important pour toute personne d&rsquo;acqu\u00e9rir dans chaque discipline les fondements qui vont l&rsquo;aider \u00e0 comprendre, puis \u00e0 tirer des enseignements, afin que sa science repose sur des bases et des piliers solides. L&rsquo;expression dit: \u00ab\u00a0Celui qui n&rsquo;a pas les bases ne peut pas atteindre son but\u00a0\u00bb. Parmi les sciences les plus nobles, ou [&hellip;]<\/p>\n","protected":false},"featured_media":4739,"comment_status":"open","ping_status":"closed","template":"","meta":[],"product_brand":[],"product_cat":[15],"product_tag":[],"class_list":{"0":"post-132","1":"product","2":"type-product","3":"status-publish","4":"has-post-thumbnail","6":"product_cat-non-classe","7":"pa_editeur-el-bab-editions","9":"first","10":"outofstock","11":"shipping-taxable","12":"purchasable","13":"product-type-simple"},"_links":{"self":[{"href":"https:\/\/lamaktaba.fr\/index.php\/wp-json\/wp\/v2\/product\/132","targetHints":{"allow":["GET"]}}],"collection":[{"href":"https:\/\/lamaktaba.fr\/index.php\/wp-json\/wp\/v2\/product"}],"about":[{"href":"https:\/\/lamaktaba.fr\/index.php\/wp-json\/wp\/v2\/types\/product"}],"replies":[{"embeddable":true,"href":"https:\/\/lamaktaba.fr\/index.php\/wp-json\/wp\/v2\/comments?post=132"}],"wp:featuredmedia":[{"embeddable":true,"href":"https:\/\/lamaktaba.fr\/index.php\/wp-json\/wp\/v2\/media\/4739"}],"wp:attachment":[{"href":"https:\/\/lamaktaba.fr\/index.php\/wp-json\/wp\/v2\/media?parent=132"}],"wp:term":[{"taxonomy":"product_brand","embeddable":true,"href":"https:\/\/lamaktaba.fr\/index.php\/wp-json\/wp\/v2\/product_brand?post=132"},{"taxonomy":"product_cat","embeddable":true,"href":"https:\/\/lamaktaba.fr\/index.php\/wp-json\/wp\/v2\/product_cat?post=132"},{"taxonomy":"product_tag","embeddable":true,"href":"https:\/\/lamaktaba.fr\/index.php\/wp-json\/wp\/v2\/product_tag?post=132"}],"curies":[{"name":"wp","href":"https:\/\/api.w.org\/{rel}","templated":true}]}}