{"id":10441,"date":"1970-01-01T00:00:00","date_gmt":"1970-01-01T00:00:00","guid":{"rendered":"https:\/\/lamaktaba.fr\/?post_type=product&#038;p=10441"},"modified":"2025-05-04T23:11:21","modified_gmt":"2025-05-04T21:11:21","slug":"pack-ballons-multicolore-eid-mubarak","status":"publish","type":"product","link":"https:\/\/lamaktaba.fr\/index.php\/produit\/pack-ballons-multicolore-eid-mubarak","title":{"rendered":"Pack 10 Ballons Multicolores Eid Mubarak"},"content":{"rendered":"<hr \/>\n<p>\ud83d\udce3 Prix bas garantie. \ud83d\ude9b Expedition le jour m\u00eame.<\/p>\n<p>C&rsquo;est d\u00e9j\u00e0 le Ramadan ! Et la F\u00eate de l&rsquo;Eid arrive \u00e0 grand pas ! C&rsquo;est un moment de joie pour les musulmans. \ud83c\udf88\ud83c\udf88 Commandez vos ballons \ud83c\udf88\ud83c\udf88 Chic et tendance, les ballons Eid Mubarak sont les ballons indispensable \u00e0 votre d\u00e9coration! de l&rsquo;Eid.<\/p>\n<p><strong>Les enfants adorent jouer avec des ballons de baudruche <\/strong>! Ils servent aussi \u00e0 <strong>d\u00e9corer<\/strong> votre espace, il n\u2019a pas son pareil pour habiller un mur ou d\u00e9corer un buffet. Les id\u00e9es ne manquent pas sur le net !<\/p>\n<table>\n<tbody>\n<tr>\n<td><img fetchpriority=\"high\" decoding=\"async\" class=\"alignnone size-medium wp-image-10811\" src=\"https:\/\/lamaktaba.fr\/wp-content\/uploads\/2020\/04\/ba2be645efe805a3ca052f7aff21c491-ballons-belles-images-220x300.jpg\" alt=\"\" width=\"220\" height=\"300\" srcset=\"https:\/\/lamaktaba.fr\/wp-content\/uploads\/2020\/04\/ba2be645efe805a3ca052f7aff21c491-ballons-belles-images-220x300.jpg 220w, https:\/\/lamaktaba.fr\/wp-content\/uploads\/2020\/04\/ba2be645efe805a3ca052f7aff21c491-ballons-belles-images-64x87.jpg 64w, https:\/\/lamaktaba.fr\/wp-content\/uploads\/2020\/04\/ba2be645efe805a3ca052f7aff21c491-ballons-belles-images.jpg 236w\" sizes=\"(max-width: 220px) 100vw, 220px\" \/><\/td>\n<td><img decoding=\"async\" class=\"alignnone size-medium wp-image-10812\" src=\"https:\/\/lamaktaba.fr\/wp-content\/uploads\/2020\/04\/balloon-png-transparent-300x217.jpg\" alt=\"\" width=\"300\" height=\"217\" srcset=\"https:\/\/lamaktaba.fr\/wp-content\/uploads\/2020\/04\/balloon-png-transparent-300x217.jpg 300w, https:\/\/lamaktaba.fr\/wp-content\/uploads\/2020\/04\/balloon-png-transparent-600x434.jpg 600w, https:\/\/lamaktaba.fr\/wp-content\/uploads\/2020\/04\/balloon-png-transparent-64x46.jpg 64w, https:\/\/lamaktaba.fr\/wp-content\/uploads\/2020\/04\/balloon-png-transparent-768x556.jpg 768w, https:\/\/lamaktaba.fr\/wp-content\/uploads\/2020\/04\/balloon-png-transparent.jpg 880w\" sizes=\"(max-width: 300px) 100vw, 300px\" \/><\/td>\n<td><img decoding=\"async\" class=\"alignnone size-medium wp-image-10813\" src=\"https:\/\/lamaktaba.fr\/wp-content\/uploads\/2020\/04\/unnamed-300x300.png\" alt=\"\" width=\"300\" height=\"300\" srcset=\"https:\/\/lamaktaba.fr\/wp-content\/uploads\/2020\/04\/unnamed-300x300.png 300w, https:\/\/lamaktaba.fr\/wp-content\/uploads\/2020\/04\/unnamed-100x100.png 100w, https:\/\/lamaktaba.fr\/wp-content\/uploads\/2020\/04\/unnamed-64x64.png 64w, https:\/\/lamaktaba.fr\/wp-content\/uploads\/2020\/04\/unnamed-150x150.png 150w, https:\/\/lamaktaba.fr\/wp-content\/uploads\/2020\/04\/unnamed.png 512w\" sizes=\"(max-width: 300px) 100vw, 300px\" \/><\/td>\n<\/tr>\n<\/tbody>\n<\/table>\n","protected":false},"excerpt":{"rendered":"<p>\ud83d\udce3 Prix bas garantie. \ud83d\ude9b Expedition le jour m\u00eame. C&rsquo;est d\u00e9j\u00e0 le Ramadan ! Et la F\u00eate de l&rsquo;Eid arrive \u00e0 grand pas ! C&rsquo;est un moment de joie pour les musulmans. \ud83c\udf88\ud83c\udf88 Commandez vos ballons \ud83c\udf88\ud83c\udf88 Chic et tendance, les ballons Eid Mubarak sont les ballons indispensable \u00e0 votre d\u00e9coration! de l&rsquo;Eid. Les enfants [&hellip;]<\/p>\n","protected":false},"featured_media":42375,"comment_status":"open","ping_status":"closed","template":"","meta":[],"product_brand":[],"product_cat":[231,1516],"product_tag":[],"class_list":{"0":"post-10441","1":"product","2":"type-product","3":"status-publish","4":"has-post-thumbnail","6":"product_cat-fete-et-decoration","7":"product_cat-special-ramadan","8":"product_shipping_class-free-ship","9":"pa_pack-ballons-10-ballons","10":"pa_pack-ballons-20-ballons","11":"pa_pack-ballons-30-ballons","12":"pa_pack-ballons-50-ballons","14":"first","15":"instock","16":"sale","17":"shipping-taxable","18":"purchasable","19":"product-type-variable"},"_links":{"self":[{"href":"https:\/\/lamaktaba.fr\/index.php\/wp-json\/wp\/v2\/product\/10441","targetHints":{"allow":["GET"]}}],"collection":[{"href":"https:\/\/lamaktaba.fr\/index.php\/wp-json\/wp\/v2\/product"}],"about":[{"href":"https:\/\/lamaktaba.fr\/index.php\/wp-json\/wp\/v2\/types\/product"}],"replies":[{"embeddable":true,"href":"https:\/\/lamaktaba.fr\/index.php\/wp-json\/wp\/v2\/comments?post=10441"}],"wp:featuredmedia":[{"embeddable":true,"href":"https:\/\/lamaktaba.fr\/index.php\/wp-json\/wp\/v2\/media\/42375"}],"wp:attachment":[{"href":"https:\/\/lamaktaba.fr\/index.php\/wp-json\/wp\/v2\/media?parent=10441"}],"wp:term":[{"taxonomy":"product_brand","embeddable":true,"href":"https:\/\/lamaktaba.fr\/index.php\/wp-json\/wp\/v2\/product_brand?post=10441"},{"taxonomy":"product_cat","embeddable":true,"href":"https:\/\/lamaktaba.fr\/index.php\/wp-json\/wp\/v2\/product_cat?post=10441"},{"taxonomy":"product_tag","embeddable":true,"href":"https:\/\/lamaktaba.fr\/index.php\/wp-json\/wp\/v2\/product_tag?post=10441"}],"curies":[{"name":"wp","href":"https:\/\/api.w.org\/{rel}","templated":true}]}}