{"id":6178,"date":"2020-03-09T20:43:58","date_gmt":"2020-03-09T20:43:58","guid":{"rendered":"https:\/\/lamaktaba.fr\/?page_id=6178"},"modified":"2020-03-09T20:43:58","modified_gmt":"2020-03-09T20:43:58","slug":"mentions-legales","status":"publish","type":"page","link":"https:\/\/lamaktaba.fr\/index.php\/mentions-legales","title":{"rendered":"Mentions l\u00e9gales"},"content":{"rendered":"<p><strong>MENTIONS L\u00c9GALES DU SITE La Maktaba <\/strong><br> Conform\u00e9ment aux dispositions des Articles 6-III et 19 de la Loi n\u00b02004-575 du 21 juin 2004 pour la Confiance dans l&rsquo;\u00e9conomie num\u00e9rique, dite L.C.E.N., il est port\u00e9 \u00e0 la connaissance des utilisateurs et visiteurs du site La Maktaba les pr\u00e9sentes mentions l\u00e9gales. <br> Le site La Maktaba est accessible \u00e0 l&rsquo;adresse suivante : https:\/\/lamaktaba.fr (ci-apr\u00e8s \u00ab\u00a0le Site\u00a0\u00bb). L&rsquo;acc\u00e8s et l&rsquo;utilisation du Site sont soumis aux pr\u00e9sentes Mentions l\u00e9gales&rsquo; d\u00e9taill\u00e9es ci-apr\u00e8s ainsi qu&rsquo;aux lois et\/ou r\u00e8glements applicables. <br> La connexion, l&rsquo;utilisation et l&rsquo;acc\u00e8s \u00e0 ce Site impliquent l&rsquo;acceptation int\u00e9grale et sans r\u00e9serve de l&rsquo;internaute de toutes les dispositions des pr\u00e9sentes Mentions L\u00e9gales. <br><\/p><p><strong>ARTICLE 1 &#8211; INFORMATIONS L\u00c9GALES <br><\/strong> En vertu de l&rsquo;Article 6 de la Loi n\u00b0 2004-575 du 21 juin 2004 pour la confiance dans l&rsquo;\u00e9conomie num\u00e9rique, il est pr\u00e9cis\u00e9 dans cet article l&rsquo;identit\u00e9 des diff\u00e9rents intervenants dans le cadre de sa r\u00e9alisation et de son suivi. <br> A. Editeur du site Le site La Maktaba est \u00e9dit\u00e9 par : SARL NOUR ayant son si\u00e8ge social \u00e0 l&rsquo;adresse suivante : 17 b av Marie et Pierre Curie, et immatricul\u00e9e au num\u00e9ro suivant : 483 086 450 RCS COMPIEGNE. <br>Capital social : 7 500 euros T\u00e9l\u00e9phone \u2022  Adresse e-mail : admin@alconect.com ci-apr\u00e8s \u00a0\u00bb l&rsquo;\u00c9diteur \u00a0\u00bb <br> B. Directeur de publication Le Directeur de publication est : Salah MEKHALDI Adresse e-mail de contact : maktababoutigue@gmail.com ci-apr\u00e8s \u00ab\u00a0le Directeur de publication \u00a0\u00bb <br> C. H\u00e9bergeur du site Le site La Maktaba est h\u00e9berg\u00e9 par : alconect dont le si\u00e8ge est situ\u00e9 \u00e0 l&rsquo;adresse suivante 32 bd strasbourg, 75010 PARIS T\u00e9l\u00e9phone \u2022  Adresse e-mail : alconectsoft@gmailcom. ci-apr\u00e8s \u00a0\u00bb l&rsquo;H\u00e9bergeur \u00a0\u00bb <\/p>","protected":false},"excerpt":{"rendered":"<p>MENTIONS L\u00c9GALES DU SITE La Maktaba Conform\u00e9ment aux dispositions des Articles 6-III et 19 de la Loi n\u00b02004-575 du 21 juin 2004 pour la Confiance dans l&rsquo;\u00e9conomie num\u00e9rique, dite L.C.E.N., il est port\u00e9 \u00e0 la connaissance des utilisateurs et visiteurs du site La Maktaba les pr\u00e9sentes mentions l\u00e9gales. Le site La Maktaba est accessible \u00e0 [&hellip;]<\/p>\n","protected":false},"author":4,"featured_media":0,"parent":0,"menu_order":0,"comment_status":"closed","ping_status":"closed","template":"","meta":{"footnotes":""},"class_list":["post-6178","page","type-page","status-publish","hentry"],"_links":{"self":[{"href":"https:\/\/lamaktaba.fr\/index.php\/wp-json\/wp\/v2\/pages\/6178","targetHints":{"allow":["GET"]}}],"collection":[{"href":"https:\/\/lamaktaba.fr\/index.php\/wp-json\/wp\/v2\/pages"}],"about":[{"href":"https:\/\/lamaktaba.fr\/index.php\/wp-json\/wp\/v2\/types\/page"}],"author":[{"embeddable":true,"href":"https:\/\/lamaktaba.fr\/index.php\/wp-json\/wp\/v2\/users\/4"}],"replies":[{"embeddable":true,"href":"https:\/\/lamaktaba.fr\/index.php\/wp-json\/wp\/v2\/comments?post=6178"}],"version-history":[{"count":0,"href":"https:\/\/lamaktaba.fr\/index.php\/wp-json\/wp\/v2\/pages\/6178\/revisions"}],"wp:attachment":[{"href":"https:\/\/lamaktaba.fr\/index.php\/wp-json\/wp\/v2\/media?parent=6178"}],"curies":[{"name":"wp","href":"https:\/\/api.w.org\/{rel}","templated":true}]}}