{"id":387,"date":"2019-02-06T15:29:31","date_gmt":"2019-02-06T15:29:31","guid":{"rendered":"http:\/\/concerned-coyote.w5.wpsandbox.pro\/?page_id=387"},"modified":"2026-04-21T00:34:21","modified_gmt":"2026-04-20T22:34:21","slug":"contact","status":"publish","type":"page","link":"https:\/\/lamaktaba.fr\/index.php\/contact","title":{"rendered":"Contact"},"content":{"rendered":"\t\t<div data-elementor-type=\"wp-page\" data-elementor-id=\"387\" class=\"elementor elementor-387\">\n\t\t\t\t\t\t<section class=\"elementor-section elementor-top-section elementor-element elementor-element-4c7ab17 elementor-section-boxed elementor-section-height-default elementor-section-height-default\" data-id=\"4c7ab17\" data-element_type=\"section\">\n\t\t\t\t\t\t<div class=\"elementor-container elementor-column-gap-default\">\n\t\t\t\t\t<div class=\"elementor-column elementor-col-100 elementor-top-column elementor-element elementor-element-ea21713\" data-id=\"ea21713\" data-element_type=\"column\">\n\t\t\t<div class=\"elementor-widget-wrap elementor-element-populated\">\n\t\t\t\t\t\t<div class=\"elementor-element elementor-element-0e8b65e elementor-widget elementor-widget-html\" data-id=\"0e8b65e\" data-element_type=\"widget\" data-widget_type=\"html.default\">\n\t\t\t\t<div class=\"elementor-widget-container\">\n\t\t\t\t\t<style>\n\n\n        .contact-info p {\n            margin-bottom: 10px;\n        }\n        .map-container {\n            margin-top: 30px;\n            height: 400px; \/* Adjust height as needed *\/\n            width: 100%;\n            border: 1px solid #ddd;\n            border-radius: 8px;\n            overflow: hidden;\n        }\n        \/* OpenStreetMap specific styles *\/\n        .map-container iframe {\n            width: 100%;\n            height: 100%;\n            border: none;\n        }\n    <\/style>\n    <div class=\"container\">\n        <h1>Contactez-nous<\/h1>\n\n        <div class=\"contact-info\">\n            <h2>Informations L\u00e9gales et de Contact<\/h2>\n            <p><strong>D\u00e9nomination sociale :<\/strong> SARL NOUR (LA MAKTABA)<\/p>\n            <p><strong>Adresse du si\u00e8ge social :<\/strong> 17 B AVENUE MARIE ET PIERRE CURIE 60100 CREIL<\/p>\n            <p><strong>Num\u00e9ro de t\u00e9l\u00e9phone :<\/strong> <a href=\"tel:+33954530154\">09 54 53 01 54<\/a><\/p>\n            <p><strong>Adresse \u00e9lectronique :<\/strong> <a href=\"mailto:contact@lamaktaba.fr\">contact@lamaktaba.fr<\/a><\/p>\n        <\/div>\n\n        <div class=\"map-container\">\n            <h2>Notre Emplacement<\/h2>\n            <!-- OpenStreetMap embed will go here -->\n            <iframe\n                src=\"https:\/\/maps.google.com\/maps?q=lamaktaba%20creil&output=embed\"\n                width=\"100%\"\n                height=\"100%\"\n                style=\"border:0;\"\n                allowfullscreen=\"\"\n                loading=\"lazy\"\n                referrerpolicy=\"no-referrer-when-downgrade\">\n            <\/iframe>\n            <small><a href=\"https:\/\/www.google.com\/maps\/search\/lamaktaba+creil\" target=\"_blank\" rel=\"noopener\">Voir la carte plus grande<\/a><\/small>\n        <\/div>\n\n        <!-- You can add a contact form here if needed -->\n        <!--\n        <h2>Envoyez-nous un message<\/h2>\n        <form action=\"#\" method=\"POST\">\n            <p>\n                <label for=\"name\">Nom :<\/label><br>\n                <input type=\"text\" id=\"name\" name=\"name\" required>\n            <\/p>\n            <p>\n                <label for=\"email\">Email :<\/label><br>\n                <input type=\"email\" id=\"email\" name=\"email\" required>\n            <\/p>\n            <p>\n                <label for=\"message\">Message :<\/label><br>\n                <textarea id=\"message\" name=\"message\" rows=\"5\" required><\/textarea>\n            <\/p>\n            <p>\n                <button type=\"submit\">Envoyer<\/button>\n            <\/p>\n        <\/form>\n        -->\n    <\/div>\t\t\t\t<\/div>\n\t\t\t\t<\/div>\n\t\t\t\t\t<\/div>\n\t\t<\/div>\n\t\t\t\t\t<\/div>\n\t\t<\/section>\n\t\t\t\t<\/div>\n\t\t","protected":false},"excerpt":{"rendered":"<p>Contactez-nous Informations L\u00e9gales et de Contact D\u00e9nomination sociale : SARL NOUR (LA MAKTABA) Adresse du si\u00e8ge social : 17 B AVENUE MARIE ET PIERRE CURIE 60100 CREIL Num\u00e9ro de t\u00e9l\u00e9phone : 09 54 53 01 54 Adresse \u00e9lectronique : contact@lamaktaba.fr Notre Emplacement Voir la carte plus grande<\/p>\n","protected":false},"author":1,"featured_media":0,"parent":0,"menu_order":0,"comment_status":"closed","ping_status":"closed","template":"elementor_header_footer","meta":{"footnotes":""},"class_list":["post-387","page","type-page","status-publish","hentry"],"_links":{"self":[{"href":"https:\/\/lamaktaba.fr\/index.php\/wp-json\/wp\/v2\/pages\/387","targetHints":{"allow":["GET"]}}],"collection":[{"href":"https:\/\/lamaktaba.fr\/index.php\/wp-json\/wp\/v2\/pages"}],"about":[{"href":"https:\/\/lamaktaba.fr\/index.php\/wp-json\/wp\/v2\/types\/page"}],"author":[{"embeddable":true,"href":"https:\/\/lamaktaba.fr\/index.php\/wp-json\/wp\/v2\/users\/1"}],"replies":[{"embeddable":true,"href":"https:\/\/lamaktaba.fr\/index.php\/wp-json\/wp\/v2\/comments?post=387"}],"version-history":[{"count":3,"href":"https:\/\/lamaktaba.fr\/index.php\/wp-json\/wp\/v2\/pages\/387\/revisions"}],"predecessor-version":[{"id":272175,"href":"https:\/\/lamaktaba.fr\/index.php\/wp-json\/wp\/v2\/pages\/387\/revisions\/272175"}],"wp:attachment":[{"href":"https:\/\/lamaktaba.fr\/index.php\/wp-json\/wp\/v2\/media?parent=387"}],"curies":[{"name":"wp","href":"https:\/\/api.w.org\/{rel}","templated":true}]}}